CRAN Package Check Results for Package nhdplusTools

Last updated on 2020-12-01 00:46:49 CET.

Flavor Version Tinstall Tcheck Ttotal Status Flags
r-devel-linux-x86_64-debian-clang 0.3.16 13.04 149.63 162.67 OK
r-devel-linux-x86_64-debian-gcc 0.3.16 8.63 109.25 117.88 OK
r-devel-linux-x86_64-fedora-clang 0.3.16 189.84 NOTE
r-devel-linux-x86_64-fedora-gcc 0.3.16 175.89 OK
r-devel-windows-ix86+x86_64 0.3.16 22.00 131.00 153.00 NOTE
r-patched-linux-x86_64 0.3.16 9.80 145.09 154.89 OK
r-patched-solaris-x86 0.3.16 242.90 NOTE
r-release-linux-x86_64 0.3.16 10.92 142.50 153.42 OK
r-release-macos-x86_64 0.3.16 NOTE
r-release-windows-ix86+x86_64 0.3.16 18.00 132.00 150.00 NOTE
r-oldrel-macos-x86_64 0.3.16 NOTE
r-oldrel-windows-ix86+x86_64 0.3.16 16.00 176.00 192.00 NOTE

Check Details

Version: 0.3.16
Check: installed package size
Result: NOTE
     installed size is 6.2Mb
     sub-directories of 1Mb or more:
     extdata 5.5Mb
Flavors: r-devel-linux-x86_64-fedora-clang, r-devel-windows-ix86+x86_64, r-patched-solaris-x86, r-release-macos-x86_64, r-release-windows-ix86+x86_64, r-oldrel-macos-x86_64, r-oldrel-windows-ix86+x86_64