Last updated on 2020-12-01 00:46:49 CET.
Flavor | Version | Tinstall | Tcheck | Ttotal | Status | Flags |
---|---|---|---|---|---|---|
r-devel-linux-x86_64-debian-clang | 0.2.10 | 208.77 | 120.96 | 329.73 | OK | |
r-devel-linux-x86_64-debian-gcc | 0.2.10 | 169.14 | 93.15 | 262.29 | OK | |
r-devel-linux-x86_64-fedora-clang | 0.2.10 | 391.93 | NOTE | |||
r-devel-linux-x86_64-fedora-gcc | 0.2.10 | 336.63 | OK | |||
r-devel-windows-ix86+x86_64 | 0.2.10 | 351.00 | 156.00 | 507.00 | OK | |
r-patched-linux-x86_64 | 0.2.10 | 219.81 | 120.36 | 340.17 | OK | |
r-patched-solaris-x86 | 0.2.10 | 367.30 | OK | |||
r-release-linux-x86_64 | 0.2.10 | 209.57 | 119.73 | 329.30 | OK | |
r-release-macos-x86_64 | 0.2.10 | OK | ||||
r-release-windows-ix86+x86_64 | 0.2.10 | 259.00 | 5.00 | 264.00 | ERROR | |
r-oldrel-macos-x86_64 | 0.2.10 | WARN | ||||
r-oldrel-windows-ix86+x86_64 | 0.2.10 | 277.00 | 183.00 | 460.00 | OK |
Version: 0.2.10
Check: installed package size
Result: NOTE
installed size is 5.5Mb
sub-directories of 1Mb or more:
libs 4.8Mb
Flavor: r-devel-linux-x86_64-fedora-clang
Version: 0.2.10
Check: whether package can be installed
Result: ERROR
Installation failed.
Flavor: r-release-windows-ix86+x86_64
Version: 0.2.10
Check: whether package can be installed
Result: WARN
Found the following significant warnings:
Warning: 'rgl.init' failed, running with 'rgl.useNULL = TRUE'.
Flavor: r-oldrel-macos-x86_64