Last updated on 2020-12-01 00:46:49 CET.
Flavor | Version | Tinstall | Tcheck | Ttotal | Status | Flags |
---|---|---|---|---|---|---|
r-devel-linux-x86_64-debian-clang | 1.0.3 | 6.96 | 189.39 | 196.35 | OK | |
r-devel-linux-x86_64-debian-gcc | 1.0.3 | 4.07 | 137.33 | 141.40 | OK | |
r-devel-linux-x86_64-fedora-clang | 1.0.3 | 223.99 | OK | |||
r-devel-linux-x86_64-fedora-gcc | 1.0.3 | 223.46 | OK | |||
r-devel-windows-ix86+x86_64 | 1.0.3 | 10.00 | 155.00 | 165.00 | OK | |
r-patched-linux-x86_64 | 1.0.3 | 6.80 | 187.17 | 193.97 | OK | |
r-patched-solaris-x86 | 1.0.3 | 270.80 | NOTE | |||
r-release-linux-x86_64 | 1.0.3 | 6.59 | 191.13 | 197.72 | OK | |
r-release-macos-x86_64 | 1.0.3 | NOTE | ||||
r-release-windows-ix86+x86_64 | 1.0.3 | 11.00 | 159.00 | 170.00 | OK | |
r-oldrel-macos-x86_64 | 1.0.3 | OK | ||||
r-oldrel-windows-ix86+x86_64 | 1.0.3 | 7.00 | 215.00 | 222.00 | OK |
Version: 1.0.3
Check: package dependencies
Result: NOTE
Package suggested but not available for checking: ‘gifski’
Flavor: r-patched-solaris-x86
Version: 1.0.3
Check: package dependencies
Result: NOTE
Packages suggested but not available for checking: 'treeio', 'ggtree'
Flavor: r-release-macos-x86_64
Version: 1.0.3
Check: Rd cross-references
Result: NOTE
Package unavailable to check Rd xrefs: ‘treeio’
Flavor: r-release-macos-x86_64