Last updated on 2020-12-01 00:46:49 CET.
Flavor | Version | Tinstall | Tcheck | Ttotal | Status | Flags |
---|---|---|---|---|---|---|
r-devel-linux-x86_64-debian-clang | 1.1-0 | 19.53 | 122.97 | 142.50 | OK | |
r-devel-linux-x86_64-debian-gcc | 1.1-0 | 13.61 | 98.26 | 111.87 | OK | |
r-devel-linux-x86_64-fedora-clang | 1.1-0 | 176.97 | NOTE | |||
r-devel-linux-x86_64-fedora-gcc | 1.1-0 | 167.82 | NOTE | |||
r-devel-windows-ix86+x86_64 | 1.1-0 | 34.00 | 106.00 | 140.00 | OK | |
r-patched-linux-x86_64 | 1.1-0 | 19.10 | 121.04 | 140.14 | OK | |
r-patched-solaris-x86 | 1.1-0 | 251.10 | NOTE | |||
r-release-linux-x86_64 | 1.1-0 | 18.71 | 121.39 | 140.10 | OK | |
r-release-macos-x86_64 | 1.1-0 | NOTE | ||||
r-release-windows-ix86+x86_64 | 1.1-0 | 29.00 | 105.00 | 134.00 | OK | |
r-oldrel-macos-x86_64 | 1.1-0 | NOTE | ||||
r-oldrel-windows-ix86+x86_64 | 1.1-0 | 27.00 | 131.00 | 158.00 | OK |
Version: 1.1-0
Check: dependencies in R code
Result: NOTE
Namespace in Imports field not imported from: ‘rts’
All declared Imports should be used.
Flavors: r-devel-linux-x86_64-fedora-clang, r-devel-linux-x86_64-fedora-gcc, r-patched-solaris-x86, r-release-macos-x86_64, r-oldrel-macos-x86_64