CRAN Package Check Results for Package nullabor

Last updated on 2020-12-01 00:46:49 CET.

Flavor Version Tinstall Tcheck Ttotal Status Flags
r-devel-linux-x86_64-debian-clang 0.3.9 14.39 291.48 305.87 OK
r-devel-linux-x86_64-debian-gcc 0.3.9 8.76 221.74 230.50 OK
r-devel-linux-x86_64-fedora-clang 0.3.9 341.70 NOTE
r-devel-linux-x86_64-fedora-gcc 0.3.9 348.36 NOTE
r-devel-windows-ix86+x86_64 0.3.9 23.00 243.00 266.00 OK
r-patched-linux-x86_64 0.3.9 9.93 300.43 310.36 OK
r-patched-solaris-x86 0.3.9 460.90 NOTE
r-release-linux-x86_64 0.3.9 10.78 297.51 308.29 OK
r-release-macos-x86_64 0.3.9 NOTE
r-release-windows-ix86+x86_64 0.3.9 17.00 247.00 264.00 OK
r-oldrel-macos-x86_64 0.3.9 NOTE
r-oldrel-windows-ix86+x86_64 0.3.9 27.00 342.00 369.00 OK

Check Details

Version: 0.3.9
Check: dependencies in R code
Result: NOTE
    Namespaces in Imports field not imported from:
     ‘forecast’ ‘rlang’ ‘tsibble’ ‘viridis’
     All declared Imports should be used.
Flavors: r-devel-linux-x86_64-fedora-clang, r-devel-linux-x86_64-fedora-gcc, r-patched-solaris-x86, r-release-macos-x86_64, r-oldrel-macos-x86_64