Last updated on 2020-12-01 00:46:49 CET.
Flavor | Version | Tinstall | Tcheck | Ttotal | Status | Flags |
---|---|---|---|---|---|---|
r-devel-linux-x86_64-debian-clang | 1.2-0 | 343.42 | 521.38 | 864.80 | OK | |
r-devel-linux-x86_64-debian-gcc | 1.2-0 | 247.19 | 393.66 | 640.85 | OK | |
r-devel-linux-x86_64-fedora-clang | 1.2-0 | 1008.33 | NOTE | |||
r-devel-linux-x86_64-fedora-gcc | 1.2-0 | 940.57 | NOTE | |||
r-devel-windows-ix86+x86_64 | 1.2-0 | 544.00 | 691.00 | 1235.00 | NOTE | |
r-patched-linux-x86_64 | 1.2-0 | 310.07 | 511.91 | 821.98 | OK | |
r-patched-solaris-x86 | 1.2-0 | 996.50 | NOTE | |||
r-release-linux-x86_64 | 1.2-0 | 304.05 | 514.84 | 818.89 | OK | |
r-release-macos-x86_64 | 1.2-0 | NOTE | ||||
r-release-windows-ix86+x86_64 | 1.2-0 | 427.00 | 671.00 | 1098.00 | NOTE | |
r-oldrel-macos-x86_64 | 1.2-0 | NOTE | ||||
r-oldrel-windows-ix86+x86_64 | 1.2-0 | 435.00 | 825.00 | 1260.00 | NOTE |
Version: 1.2-0
Check: installed package size
Result: NOTE
installed size is 13.1Mb
sub-directories of 1Mb or more:
R 2.4Mb
doc 2.3Mb
help 2.7Mb
libs 4.1Mb
Flavors: r-devel-linux-x86_64-fedora-clang, r-devel-windows-ix86+x86_64, r-patched-solaris-x86, r-release-macos-x86_64, r-release-windows-ix86+x86_64, r-oldrel-macos-x86_64, r-oldrel-windows-ix86+x86_64
Version: 1.2-0
Check: data for non-ASCII characters
Result: NOTE
Note: found 1 marked UTF-8 string
Flavors: r-devel-linux-x86_64-fedora-clang, r-devel-linux-x86_64-fedora-gcc, r-patched-solaris-x86, r-release-macos-x86_64, r-oldrel-macos-x86_64