Last updated on 2020-12-01 00:46:49 CET.
Flavor | Version | Tinstall | Tcheck | Ttotal | Status | Flags |
---|---|---|---|---|---|---|
r-devel-linux-x86_64-debian-clang | 0.3.1 | 4.92 | 41.25 | 46.17 | OK | |
r-devel-linux-x86_64-debian-gcc | 0.3.1 | 3.98 | 31.37 | 35.35 | OK | |
r-devel-linux-x86_64-fedora-clang | 0.3.1 | 59.76 | NOTE | |||
r-devel-linux-x86_64-fedora-gcc | 0.3.1 | 49.43 | NOTE | |||
r-devel-windows-ix86+x86_64 | 0.3.1 | 10.00 | 42.00 | 52.00 | OK | |
r-patched-linux-x86_64 | 0.3.1 | 5.53 | 39.93 | 45.46 | OK | |
r-patched-solaris-x86 | 0.3.1 | 72.60 | NOTE | |||
r-release-linux-x86_64 | 0.3.1 | 3.81 | 44.59 | 48.40 | OK | |
r-release-macos-x86_64 | 0.3.1 | NOTE | ||||
r-release-windows-ix86+x86_64 | 0.3.1 | 6.00 | 44.00 | 50.00 | OK | |
r-oldrel-macos-x86_64 | 0.3.1 | NOTE | ||||
r-oldrel-windows-ix86+x86_64 | 0.3.1 | 5.00 | 55.00 | 60.00 | NOTE |
Version: 0.3.1
Check: dependencies in R code
Result: NOTE
Namespace in Imports field not imported from: ‘tibble’
All declared Imports should be used.
Flavors: r-devel-linux-x86_64-fedora-clang, r-devel-linux-x86_64-fedora-gcc, r-patched-solaris-x86, r-release-macos-x86_64
Version: 0.3.1
Check: package dependencies
Result: NOTE
Package suggested but not available for checking: ‘RcppSimdJson’
Flavors: r-patched-solaris-x86, r-oldrel-windows-ix86+x86_64
Version: 0.3.1
Check: dependencies in R code
Result: NOTE
Namespace in Imports field not imported from: ‘tibble’
All declared Imports should be used.
Missing or unexported object: ‘RcppSimdJson::fparse’
Flavor: r-oldrel-macos-x86_64