Last updated on 2020-12-01 00:46:49 CET.
Flavor | Version | Tinstall | Tcheck | Ttotal | Status | Flags |
---|---|---|---|---|---|---|
r-devel-linux-x86_64-debian-clang | 0.11.0 | 23.97 | 101.06 | 125.03 | OK | |
r-devel-linux-x86_64-debian-gcc | 0.11.0 | 15.42 | 79.36 | 94.78 | OK | |
r-devel-linux-x86_64-fedora-clang | 0.11.0 | 150.66 | NOTE | |||
r-devel-linux-x86_64-fedora-gcc | 0.11.0 | 141.14 | OK | |||
r-devel-windows-ix86+x86_64 | 0.11.0 | 35.00 | 108.00 | 143.00 | NOTE | |
r-patched-linux-x86_64 | 0.11.0 | 23.50 | 100.31 | 123.81 | OK | |
r-patched-solaris-x86 | 0.11.0 | 178.00 | NOTE | |||
r-release-linux-x86_64 | 0.11.0 | 23.73 | 100.41 | 124.14 | OK | |
r-release-macos-x86_64 | 0.11.0 | NOTE | ||||
r-release-windows-ix86+x86_64 | 0.11.0 | 35.00 | 99.00 | 134.00 | NOTE | |
r-oldrel-macos-x86_64 | 0.11.0 | NOTE | ||||
r-oldrel-windows-ix86+x86_64 | 0.11.0 | 22.00 | 123.00 | 145.00 | NOTE |
Version: 0.11.0
Check: installed package size
Result: NOTE
installed size is 6.6Mb
sub-directories of 1Mb or more:
R 1.0Mb
nifti 3.8Mb
Flavors: r-devel-linux-x86_64-fedora-clang, r-devel-windows-ix86+x86_64, r-patched-solaris-x86, r-release-macos-x86_64, r-release-windows-ix86+x86_64, r-oldrel-macos-x86_64, r-oldrel-windows-ix86+x86_64