Last updated on 2020-12-01 00:46:50 CET.
Flavor | Version | Tinstall | Tcheck | Ttotal | Status | Flags |
---|---|---|---|---|---|---|
r-devel-linux-x86_64-debian-clang | 1.5.0 | 4.52 | 57.68 | 62.20 | OK | |
r-devel-linux-x86_64-debian-gcc | 1.5.0 | 2.88 | 45.20 | 48.08 | OK | |
r-devel-linux-x86_64-fedora-clang | 1.5.0 | 73.49 | OK | |||
r-devel-linux-x86_64-fedora-gcc | 1.5.0 | 65.46 | OK | |||
r-devel-windows-ix86+x86_64 | 1.5.0 | 7.00 | 60.00 | 67.00 | OK | |
r-patched-linux-x86_64 | 1.5.0 | 4.48 | 55.48 | 59.96 | OK | |
r-patched-solaris-x86 | 1.5.0 | 117.30 | OK | |||
r-release-linux-x86_64 | 1.5.0 | 3.84 | 59.15 | 62.99 | OK | |
r-release-macos-x86_64 | 1.5.0 | NOTE | ||||
r-release-windows-ix86+x86_64 | 1.5.0 | 8.00 | 61.00 | 69.00 | OK | |
r-oldrel-macos-x86_64 | 1.5.0 | NOTE | ||||
r-oldrel-windows-ix86+x86_64 | 1.5.0 | 4.00 | 79.00 | 83.00 | OK |
Version: 1.5.0
Check: package dependencies
Result: NOTE
Package suggested but not available for checking: ‘Rmpi’
Flavors: r-release-macos-x86_64, r-oldrel-macos-x86_64