Last updated on 2020-12-01 00:46:50 CET.
Flavor | Version | Tinstall | Tcheck | Ttotal | Status | Flags |
---|---|---|---|---|---|---|
r-devel-linux-x86_64-debian-clang | 2.7-0 | 150.64 | 507.68 | 658.32 | OK | |
r-devel-linux-x86_64-debian-gcc | 2.7-0 | 146.26 | 379.02 | 525.28 | OK | |
r-devel-linux-x86_64-fedora-clang | 2.7-0 | 790.72 | NOTE | |||
r-devel-linux-x86_64-fedora-gcc | 2.7-0 | 752.83 | OK | |||
r-devel-windows-ix86+x86_64 | 2.7-0 | 254.00 | 749.00 | 1003.00 | NOTE | |
r-patched-linux-x86_64 | 2.7-0 | 228.21 | 512.98 | 741.19 | OK | |
r-patched-solaris-x86 | 2.7-0 | 869.90 | NOTE | |||
r-release-linux-x86_64 | 2.7-0 | 173.26 | 503.95 | 677.21 | OK | |
r-release-macos-x86_64 | 2.7-0 | NOTE | ||||
r-release-windows-ix86+x86_64 | 2.7-0 | 187.00 | 762.00 | 949.00 | NOTE | |
r-oldrel-macos-x86_64 | 2.7-0 | NOTE | ||||
r-oldrel-windows-ix86+x86_64 | 2.7-0 | 193.00 | 928.00 | 1121.00 | NOTE |
Version: 2.7-0
Check: installed package size
Result: NOTE
installed size is 12.7Mb
sub-directories of 1Mb or more:
data 2.1Mb
libs 7.3Mb
Flavors: r-devel-linux-x86_64-fedora-clang, r-devel-windows-ix86+x86_64, r-patched-solaris-x86, r-release-macos-x86_64, r-release-windows-ix86+x86_64, r-oldrel-macos-x86_64, r-oldrel-windows-ix86+x86_64
Version: 2.7-0
Check: Rd cross-references
Result: NOTE
Undeclared packages ‘combinat’, ‘unifDAG’ in Rd xrefs
Flavor: r-devel-linux-x86_64-fedora-clang