CRAN Package Check Results for Package pdxTrees

Last updated on 2020-12-01 00:46:50 CET.

Flavor Version Tinstall Tcheck Ttotal Status Flags
r-devel-linux-x86_64-debian-clang 0.4.0 3.36 91.13 94.49 OK
r-devel-linux-x86_64-debian-gcc 0.4.0 2.59 69.64 72.23 OK
r-devel-linux-x86_64-fedora-clang 0.4.0 117.95 OK
r-devel-linux-x86_64-fedora-gcc 0.4.0 104.70 OK
r-devel-windows-ix86+x86_64 0.4.0 6.00 72.00 78.00 OK
r-patched-linux-x86_64 0.4.0 3.08 92.31 95.39 OK
r-patched-solaris-x86 0.4.0 60.60 WARN
r-release-linux-x86_64 0.4.0 2.87 87.45 90.32 OK
r-release-macos-x86_64 0.4.0 WARN
r-release-windows-ix86+x86_64 0.4.0 4.00 72.00 76.00 OK
r-oldrel-macos-x86_64 0.4.0 WARN
r-oldrel-windows-ix86+x86_64 0.4.0 4.00 106.00 110.00 OK

Check Details

Version: 0.4.0
Check: package dependencies
Result: NOTE
    Package suggested but not available for checking: ‘gifski’
Flavor: r-patched-solaris-x86

Version: 0.4.0
Check: re-building of vignette outputs
Result: WARN
    Error(s) in re-building vignettes:
     ...
    --- re-building ‘pdxTrees-vignette.Rmd’ using rmarkdown
    Warning in engine$weave(file, quiet = quiet, encoding = enc) :
     Pandoc (>= 1.12.3) and/or pandoc-citeproc not available. Falling back to R Markdown v1.
    
    Attaching package: 'dplyr'
    
    The following objects are masked from 'package:stats':
    
     filter, lag
    
    The following objects are masked from 'package:base':
    
     intersect, setdiff, setequal, union
    
    ! curl package not installed, falling back to using `url()`
    ! curl package not installed, falling back to using `url()`
    Quitting from lines 93-133 (pdxTrees-vignette.Rmd)
    Error: processing vignette 'pdxTrees-vignette.Rmd' failed with diagnostics:
    there is no package called 'webshot'
    --- failed re-building ‘pdxTrees-vignette.Rmd’
    
    SUMMARY: processing the following file failed:
     ‘pdxTrees-vignette.Rmd’
    
    Error: Vignette re-building failed.
    Execution halted
Flavor: r-patched-solaris-x86

Version: 0.4.0
Check: re-building of vignette outputs
Result: WARN
    Error(s) in re-building vignettes:
    --- re-building ‘pdxTrees-vignette.Rmd’ using rmarkdown
    Warning in engine$weave(file, quiet = quiet, encoding = enc) :
     Pandoc (>= 1.12.3) and/or pandoc-citeproc not available. Falling back to R Markdown v1.
    
    Attaching package: 'dplyr'
    
    The following objects are masked from 'package:stats':
    
     filter, lag
    
    The following objects are masked from 'package:base':
    
     intersect, setdiff, setequal, union
    
    PhantomJS not found. You can install it with webshot::install_phantomjs(). If it is installed, please make sure the phantomjs executable can be found via the PATH variable.
    Warning in normalizePath(f2) :
     path[1]="webshot15ff6fc93f26.png": No such file or directory
    Warning in file(con, "rb") :
     cannot open file 'webshot15ff6fc93f26.png': No such file or directory
    Quitting from lines 93-133 (pdxTrees-vignette.Rmd)
    Error: processing vignette 'pdxTrees-vignette.Rmd' failed with diagnostics:
    cannot open the connection
    --- failed re-building ‘pdxTrees-vignette.Rmd’
    
    SUMMARY: processing the following file failed:
     ‘pdxTrees-vignette.Rmd’
    
    Error: Vignette re-building failed.
    Execution halted
Flavor: r-release-macos-x86_64

Version: 0.4.0
Check: re-building of vignette outputs
Result: WARN
    Error(s) in re-building vignettes:
    --- re-building ‘pdxTrees-vignette.Rmd’ using rmarkdown
    Warning in engine$weave(file, quiet = quiet, encoding = enc) :
     Pandoc (>= 1.12.3) and/or pandoc-citeproc not available. Falling back to R Markdown v1.
    
    Attaching package: 'dplyr'
    
    The following objects are masked from 'package:stats':
    
     filter, lag
    
    The following objects are masked from 'package:base':
    
     intersect, setdiff, setequal, union
    
    PhantomJS not found. You can install it with webshot::install_phantomjs(). If it is installed, please make sure the phantomjs executable can be found via the PATH variable.
    Warning in normalizePath(f2) :
     path[1]="webshotf78651f8a951.png": No such file or directory
    Warning in file(con, "rb") :
     cannot open file 'webshotf78651f8a951.png': No such file or directory
    Quitting from lines 93-133 (pdxTrees-vignette.Rmd)
    Error: processing vignette 'pdxTrees-vignette.Rmd' failed with diagnostics:
    cannot open the connection
    --- failed re-building ‘pdxTrees-vignette.Rmd’
    
    SUMMARY: processing the following file failed:
     ‘pdxTrees-vignette.Rmd’
    
    Error: Vignette re-building failed.
    Execution halted
Flavor: r-oldrel-macos-x86_64