Last updated on 2020-12-01 00:46:50 CET.
Flavor | Version | Tinstall | Tcheck | Ttotal | Status | Flags |
---|---|---|---|---|---|---|
r-devel-linux-x86_64-debian-clang | 0.2.0 | 77.60 | 50.29 | 127.89 | OK | |
r-devel-linux-x86_64-debian-gcc | 0.2.0 | 56.16 | 38.84 | 95.00 | OK | |
r-devel-linux-x86_64-fedora-clang | 0.2.0 | 157.52 | OK | |||
r-devel-linux-x86_64-fedora-gcc | 0.2.0 | 129.45 | OK | |||
r-devel-windows-ix86+x86_64 | 0.2.0 | 134.00 | 85.00 | 219.00 | OK | |
r-patched-linux-x86_64 | 0.2.0 | 94.44 | 53.91 | 148.35 | OK | |
r-patched-solaris-x86 | 0.2.0 | 146.10 | OK | |||
r-release-linux-x86_64 | 0.2.0 | 74.60 | 53.35 | 127.95 | OK | |
r-release-macos-x86_64 | 0.2.0 | NOTE | ||||
r-release-windows-ix86+x86_64 | 0.2.0 | 110.00 | 85.00 | 195.00 | OK | |
r-oldrel-macos-x86_64 | 0.2.0 | OK | ||||
r-oldrel-windows-ix86+x86_64 | 0.2.0 | 102.00 | 99.00 | 201.00 | OK |
Version: 0.2.0
Check: package dependencies
Result: NOTE
Package suggested but not available for checking: ‘vcfR’
Flavor: r-release-macos-x86_64