Last updated on 2020-12-01 00:46:50 CET.
Flavor | Version | Tinstall | Tcheck | Ttotal | Status | Flags |
---|---|---|---|---|---|---|
r-devel-linux-x86_64-debian-clang | 0.4.4 | 9.78 | 71.95 | 81.73 | OK | |
r-devel-linux-x86_64-debian-gcc | 0.4.4 | 6.20 | 56.39 | 62.59 | OK | |
r-devel-linux-x86_64-fedora-clang | 0.4.4 | 104.43 | NOTE | |||
r-devel-linux-x86_64-fedora-gcc | 0.4.4 | 95.25 | NOTE | |||
r-devel-windows-ix86+x86_64 | 0.4.4 | 12.00 | 79.00 | 91.00 | OK | |
r-patched-linux-x86_64 | 0.4.4 | 9.33 | 72.94 | 82.27 | OK | |
r-patched-solaris-x86 | 0.4.4 | 123.90 | NOTE | |||
r-release-linux-x86_64 | 0.4.4 | 6.27 | 74.91 | 81.18 | OK | |
r-release-macos-x86_64 | 0.4.4 | NOTE | ||||
r-release-windows-ix86+x86_64 | 0.4.4 | 9.00 | 79.00 | 88.00 | OK | |
r-oldrel-macos-x86_64 | 0.4.4 | NOTE | ||||
r-oldrel-windows-ix86+x86_64 | 0.4.4 | 9.00 | 89.00 | 98.00 | OK |
Version: 0.4.4
Check: data for non-ASCII characters
Result: NOTE
Note: found 36 marked UTF-8 strings
Flavors: r-devel-linux-x86_64-fedora-clang, r-devel-linux-x86_64-fedora-gcc, r-patched-solaris-x86, r-release-macos-x86_64, r-oldrel-macos-x86_64