Last updated on 2020-12-01 00:46:50 CET.
Flavor | Version | Tinstall | Tcheck | Ttotal | Status | Flags |
---|---|---|---|---|---|---|
r-devel-linux-x86_64-debian-clang | 0.4.1 | 14.18 | 48.07 | 62.25 | OK | |
r-devel-linux-x86_64-debian-gcc | 0.4.1 | 10.08 | 40.16 | 50.24 | OK | |
r-devel-linux-x86_64-fedora-clang | 0.4.1 | 77.50 | NOTE | |||
r-devel-linux-x86_64-fedora-gcc | 0.4.1 | 65.56 | OK | |||
r-devel-windows-ix86+x86_64 | 0.4.1 | 20.00 | 47.00 | 67.00 | OK | |
r-patched-linux-x86_64 | 0.4.1 | 14.10 | 47.80 | 61.90 | OK | |
r-patched-solaris-x86 | 0.4.1 | 99.60 | OK | |||
r-release-linux-x86_64 | 0.4.1 | 12.02 | 49.06 | 61.08 | OK | |
r-release-macos-x86_64 | 0.4.1 | OK | ||||
r-release-windows-ix86+x86_64 | 0.4.1 | 16.00 | 45.00 | 61.00 | OK | |
r-oldrel-macos-x86_64 | 0.4.1 | OK | ||||
r-oldrel-windows-ix86+x86_64 | 0.4.1 | 15.00 | 59.00 | 74.00 | OK |
Version: 0.4.1
Check: Rd cross-references
Result: NOTE
Undeclared packages ‘pkgdown’, ‘htmlwidgets’ in Rd xrefs
Flavor: r-devel-linux-x86_64-fedora-clang