Last updated on 2020-12-01 00:46:50 CET.
Flavor | Version | Tinstall | Tcheck | Ttotal | Status | Flags |
---|---|---|---|---|---|---|
r-devel-linux-x86_64-debian-clang | 0.6-1 | 29.45 | 203.63 | 233.08 | OK | |
r-devel-linux-x86_64-debian-gcc | 0.6-1 | 19.40 | 156.24 | 175.64 | OK | |
r-devel-linux-x86_64-fedora-clang | 0.6-1 | 289.22 | WARN | |||
r-devel-linux-x86_64-fedora-gcc | 0.6-1 | 266.88 | WARN | |||
r-devel-windows-ix86+x86_64 | 0.6-1 | 44.00 | 191.00 | 235.00 | OK | |
r-patched-linux-x86_64 | 0.6-1 | 29.20 | 202.40 | 231.60 | OK | |
r-patched-solaris-x86 | 0.6-1 | 374.70 | OK | |||
r-release-linux-x86_64 | 0.6-1 | 30.42 | 202.46 | 232.88 | OK | |
r-release-macos-x86_64 | 0.6-1 | OK | ||||
r-release-windows-ix86+x86_64 | 0.6-1 | 33.00 | 179.00 | 212.00 | OK | |
r-oldrel-macos-x86_64 | 0.6-1 | OK | ||||
r-oldrel-windows-ix86+x86_64 | 0.6-1 | 36.00 | 236.00 | 272.00 | OK |
Version: 0.6-1
Check: whether package can be installed
Result: WARN
Found the following significant warnings:
Warning: namespace ‘data.table’ is not available and has been replaced
Flavors: r-devel-linux-x86_64-fedora-clang, r-devel-linux-x86_64-fedora-gcc