CRAN Package Check Results for Package plotluck

Last updated on 2020-12-01 00:46:50 CET.

Flavor Version Tinstall Tcheck Ttotal Status Flags
r-devel-linux-x86_64-debian-clang 1.1.1 10.44 161.92 172.36 OK
r-devel-linux-x86_64-debian-gcc 1.1.1 6.54 120.55 127.09 OK
r-devel-linux-x86_64-fedora-clang 1.1.1 210.23 NOTE
r-devel-linux-x86_64-fedora-gcc 1.1.1 194.91 NOTE
r-devel-windows-ix86+x86_64 1.1.1 16.00 145.00 161.00 OK
r-patched-linux-x86_64 1.1.1 7.84 158.55 166.39 OK
r-patched-solaris-x86 1.1.1 274.80 NOTE
r-release-linux-x86_64 1.1.1 7.60 157.00 164.60 OK
r-release-macos-x86_64 1.1.1 NOTE
r-release-windows-ix86+x86_64 1.1.1 14.00 150.00 164.00 OK
r-oldrel-macos-x86_64 1.1.1 NOTE
r-oldrel-windows-ix86+x86_64 1.1.1 18.00 194.00 212.00 OK

Check Details

Version: 1.1.1
Check: dependencies in R code
Result: NOTE
    Namespaces in Imports field not imported from:
     ‘hexbin’ ‘quantreg’
     All declared Imports should be used.
Flavors: r-devel-linux-x86_64-fedora-clang, r-devel-linux-x86_64-fedora-gcc, r-patched-solaris-x86, r-release-macos-x86_64, r-oldrel-macos-x86_64