Last updated on 2020-12-01 00:46:50 CET.
Flavor | Version | Tinstall | Tcheck | Ttotal | Status | Flags |
---|---|---|---|---|---|---|
r-devel-linux-x86_64-debian-clang | 0.1.1 | 4.66 | 34.88 | 39.54 | OK | |
r-devel-linux-x86_64-debian-gcc | 0.1.1 | 3.51 | 28.72 | 32.23 | OK | |
r-devel-linux-x86_64-fedora-clang | 0.1.1 | 51.79 | NOTE | |||
r-devel-linux-x86_64-fedora-gcc | 0.1.1 | 40.60 | OK | |||
r-devel-windows-ix86+x86_64 | 0.1.1 | 8.00 | 38.00 | 46.00 | OK | |
r-patched-linux-x86_64 | 0.1.1 | 3.99 | 35.30 | 39.29 | OK | |
r-patched-solaris-x86 | 0.1.1 | 69.60 | OK | |||
r-release-linux-x86_64 | 0.1.1 | 4.18 | 38.05 | 42.23 | OK | |
r-release-macos-x86_64 | 0.1.1 | OK | ||||
r-release-windows-ix86+x86_64 | 0.1.1 | 7.00 | 39.00 | 46.00 | OK | |
r-oldrel-macos-x86_64 | 0.1.1 | OK | ||||
r-oldrel-windows-ix86+x86_64 | 0.1.1 | 6.00 | 46.00 | 52.00 | OK |
Version: 0.1.1
Check: Rd cross-references
Result: NOTE
Undeclared package ‘purrr’ in Rd xrefs
Flavor: r-devel-linux-x86_64-fedora-clang