Last updated on 2020-12-01 00:46:51 CET.
Flavor | Version | Tinstall | Tcheck | Ttotal | Status | Flags |
---|---|---|---|---|---|---|
r-devel-linux-x86_64-debian-clang | 0.1.5 | 6.65 | 44.97 | 51.62 | OK | |
r-devel-linux-x86_64-debian-gcc | 0.1.5 | 4.44 | 36.50 | 40.94 | OK | |
r-devel-linux-x86_64-fedora-clang | 0.1.5 | 66.17 | NOTE | |||
r-devel-linux-x86_64-fedora-gcc | 0.1.5 | 54.36 | NOTE | |||
r-devel-windows-ix86+x86_64 | 0.1.5 | 9.00 | 57.00 | 66.00 | OK | |
r-patched-linux-x86_64 | 0.1.5 | 5.65 | 46.33 | 51.98 | OK | |
r-patched-solaris-x86 | 0.1.5 | 80.40 | NOTE | |||
r-release-linux-x86_64 | 0.1.5 | 4.63 | 44.98 | 49.61 | OK | |
r-release-macos-x86_64 | 0.1.5 | NOTE | ||||
r-release-windows-ix86+x86_64 | 0.1.5 | 8.00 | 52.00 | 60.00 | OK | |
r-oldrel-macos-x86_64 | 0.1.5 | NOTE | ||||
r-oldrel-windows-ix86+x86_64 | 0.1.5 | 7.00 | 68.00 | 75.00 | OK |
Version: 0.1.5
Check: dependencies in R code
Result: NOTE
Namespaces in Imports field not imported from:
‘curl’ ‘lubridate’
All declared Imports should be used.
Flavors: r-devel-linux-x86_64-fedora-clang, r-devel-linux-x86_64-fedora-gcc, r-patched-solaris-x86, r-release-macos-x86_64, r-oldrel-macos-x86_64