CRAN Package Check Results for Package prim

Last updated on 2020-12-01 00:46:51 CET.

Flavor Version Tinstall Tcheck Ttotal Status Flags
r-devel-linux-x86_64-debian-clang 1.0.19 7.43 75.73 83.16 OK
r-devel-linux-x86_64-debian-gcc 1.0.19 6.20 61.72 67.92 OK
r-devel-linux-x86_64-fedora-clang 1.0.19 109.86 OK
r-devel-linux-x86_64-fedora-gcc 1.0.19 98.16 OK
r-devel-windows-ix86+x86_64 1.0.19 13.00 75.00 88.00 OK
r-patched-linux-x86_64 1.0.19 6.53 78.16 84.69 OK
r-patched-solaris-x86 1.0.19 144.40 OK
r-release-linux-x86_64 1.0.19 6.94 78.20 85.14 OK
r-release-macos-x86_64 1.0.19 OK
r-release-windows-ix86+x86_64 1.0.19 13.00 70.00 83.00 OK
r-oldrel-macos-x86_64 1.0.19 WARN
r-oldrel-windows-ix86+x86_64 1.0.19 9.00 87.00 96.00 OK

Check Details

Version: 1.0.19
Check: whether package can be installed
Result: WARN
    Found the following significant warnings:
     Warning: 'rgl.init' failed, running with 'rgl.useNULL = TRUE'.
Flavor: r-oldrel-macos-x86_64

Version: 1.0.19
Check: dependencies in R code
Result: NOTE
    No protocol specified
    No protocol specified
Flavor: r-oldrel-macos-x86_64

Version: 1.0.19
Check: S3 generic/method consistency
Result: WARN
    No protocol specified
    No protocol specified
    See section ‘Generic functions and methods’ in the ‘Writing R
    Extensions’ manual.
Flavor: r-oldrel-macos-x86_64

Version: 1.0.19
Check: replacement functions
Result: WARN
    No protocol specified
    No protocol specified
    The argument of a replacement function which corresponds to the right
    hand side must be named ‘value’.
Flavor: r-oldrel-macos-x86_64

Version: 1.0.19
Check: foreign function calls
Result: NOTE
    No protocol specified
    No protocol specified
    See chapter ‘System and foreign language interfaces’ in the ‘Writing R
    Extensions’ manual.
Flavor: r-oldrel-macos-x86_64

Version: 1.0.19
Check: R code for possible problems
Result: NOTE
    No protocol specified
    No protocol specified
Flavor: r-oldrel-macos-x86_64

Version: 1.0.19
Check: for missing documentation entries
Result: WARN
    No protocol specified
    No protocol specified
    All user-level objects in a package should have documentation entries.
    See chapter ‘Writing R documentation files’ in the ‘Writing R
    Extensions’ manual.
Flavor: r-oldrel-macos-x86_64

Version: 1.0.19
Check: for code/documentation mismatches
Result: WARN
    No protocol specified
    No protocol specified
    No protocol specified
    No protocol specified
    No protocol specified
    No protocol specified
Flavor: r-oldrel-macos-x86_64

Version: 1.0.19
Check: Rd \usage sections
Result: NOTE
    No protocol specified
    No protocol specified
    The \usage entries for S3 methods should use the \method markup and not
    their full name.
    See chapter ‘Writing R documentation files’ in the ‘Writing R
    Extensions’ manual.
Flavor: r-oldrel-macos-x86_64