Last updated on 2020-12-01 00:46:51 CET.
Flavor | Version | Tinstall | Tcheck | Ttotal | Status | Flags |
---|---|---|---|---|---|---|
r-devel-linux-x86_64-debian-clang | 1.0.2 | 4.84 | 42.77 | 47.61 | OK | |
r-devel-linux-x86_64-debian-gcc | 1.0.2 | 3.47 | 31.45 | 34.92 | OK | |
r-devel-linux-x86_64-fedora-clang | 1.0.2 | 59.35 | OK | |||
r-devel-linux-x86_64-fedora-gcc | 1.0.2 | 48.46 | OK | |||
r-devel-windows-ix86+x86_64 | 1.0.2 | 8.00 | 40.00 | 48.00 | OK | |
r-patched-linux-x86_64 | 1.0.2 | 4.42 | 41.78 | 46.20 | OK | |
r-patched-solaris-x86 | 1.0.2 | 71.40 | NOTE | |||
r-release-linux-x86_64 | 1.0.2 | 4.36 | 40.13 | 44.49 | OK | |
r-release-macos-x86_64 | 1.0.2 | NOTE | ||||
r-release-windows-ix86+x86_64 | 1.0.2 | 5.00 | 40.00 | 45.00 | OK | |
r-oldrel-macos-x86_64 | 1.0.2 | OK | ||||
r-oldrel-windows-ix86+x86_64 | 1.0.2 | 5.00 | 54.00 | 59.00 | OK |
Version: 1.0.2
Check: package dependencies
Result: NOTE
Package suggested but not available for checking: ‘RProtoBuf’
Flavor: r-patched-solaris-x86
Version: 1.0.2
Check: package dependencies
Result: NOTE
Package suggested but not available for checking: ‘dm’
Flavor: r-release-macos-x86_64
Version: 1.0.2
Check: Rd cross-references
Result: NOTE
Package unavailable to check Rd xrefs: ‘dm’
Flavor: r-release-macos-x86_64