Last updated on 2020-12-01 00:46:51 CET.
Flavor | Version | Tinstall | Tcheck | Ttotal | Status | Flags |
---|---|---|---|---|---|---|
r-devel-linux-x86_64-debian-clang | 0.2.11 | 12.48 | 431.10 | 443.58 | NOTE | |
r-devel-linux-x86_64-debian-gcc | 0.2.11 | 8.33 | 307.13 | 315.46 | NOTE | |
r-devel-linux-x86_64-fedora-clang | 0.2.11 | 523.27 | NOTE | |||
r-devel-linux-x86_64-fedora-gcc | 0.2.11 | 465.74 | NOTE | |||
r-devel-windows-ix86+x86_64 | 0.2.11 | 22.00 | 390.00 | 412.00 | NOTE | |
r-patched-linux-x86_64 | 0.2.11 | 10.52 | 378.26 | 388.78 | NOTE | |
r-patched-solaris-x86 | 0.2.11 | 804.80 | NOTE | |||
r-release-linux-x86_64 | 0.2.11 | 10.86 | 385.03 | 395.89 | NOTE | |
r-release-macos-x86_64 | 0.2.11 | NOTE | ||||
r-release-windows-ix86+x86_64 | 0.2.11 | 20.00 | 383.00 | 403.00 | NOTE | |
r-oldrel-macos-x86_64 | 0.2.11 | NOTE | ||||
r-oldrel-windows-ix86+x86_64 | 0.2.11 | 17.00 | 473.00 | 490.00 | NOTE |
Version: 0.2.11
Check: package vignettes
Result: NOTE
Package vignette with placeholder title 'Vignette Title':
'TargetDecoyFDR_Example.Rmd'
Flavors: r-devel-linux-x86_64-debian-clang, r-devel-linux-x86_64-debian-gcc, r-devel-windows-ix86+x86_64, r-patched-linux-x86_64, r-release-linux-x86_64, r-release-windows-ix86+x86_64
Version: 0.2.11
Check: installed package size
Result: NOTE
installed size is 5.6Mb
sub-directories of 1Mb or more:
data 1.7Mb
extdata 2.3Mb
Flavors: r-devel-linux-x86_64-fedora-clang, r-devel-windows-ix86+x86_64, r-patched-solaris-x86, r-release-macos-x86_64, r-release-windows-ix86+x86_64, r-oldrel-macos-x86_64, r-oldrel-windows-ix86+x86_64
Version: 0.2.11
Check: dependencies in R code
Result: NOTE
Namespaces in Imports field not imported from:
‘dplyr’ ‘readr’
All declared Imports should be used.
Flavors: r-devel-linux-x86_64-fedora-clang, r-devel-linux-x86_64-fedora-gcc, r-patched-solaris-x86, r-release-macos-x86_64, r-oldrel-macos-x86_64