CRAN Package Check Results for Package psfmi

Last updated on 2020-12-01 00:46:51 CET.

Flavor Version Tinstall Tcheck Ttotal Status Flags
r-devel-linux-x86_64-debian-clang 0.5.0 28.98 593.48 622.46 OK
r-devel-linux-x86_64-debian-gcc 0.5.0 19.16 448.46 467.62 OK
r-devel-linux-x86_64-fedora-clang 0.5.0 742.12 NOTE
r-devel-linux-x86_64-fedora-gcc 0.5.0 734.43 OK
r-devel-windows-ix86+x86_64 0.5.0 49.00 525.00 574.00 NOTE
r-patched-linux-x86_64 0.5.0 21.64 612.27 633.91 OK
r-patched-solaris-x86 0.5.0 895.30 NOTE
r-release-linux-x86_64 0.5.0 23.00 612.52 635.52 OK
r-release-macos-x86_64 0.5.0 NOTE
r-release-windows-ix86+x86_64 0.5.0 37.00 538.00 575.00 NOTE
r-oldrel-macos-x86_64 0.5.0 NOTE
r-oldrel-windows-ix86+x86_64 0.5.0 42.00 692.00 734.00 NOTE

Check Details

Version: 0.5.0
Check: installed package size
Result: NOTE
     installed size is 7.1Mb
     sub-directories of 1Mb or more:
     doc 6.5Mb
Flavors: r-devel-linux-x86_64-fedora-clang, r-devel-windows-ix86+x86_64, r-patched-solaris-x86, r-release-macos-x86_64, r-release-windows-ix86+x86_64, r-oldrel-macos-x86_64, r-oldrel-windows-ix86+x86_64