Last updated on 2020-12-01 00:46:51 CET.
Flavor | Version | Tinstall | Tcheck | Ttotal | Status | Flags |
---|---|---|---|---|---|---|
r-devel-linux-x86_64-debian-clang | 0.1.2 | 13.71 | 116.23 | 129.94 | OK | |
r-devel-linux-x86_64-debian-gcc | 0.1.2 | 13.63 | 87.65 | 101.28 | OK | |
r-devel-linux-x86_64-fedora-clang | 0.1.2 | 164.11 | OK | |||
r-devel-linux-x86_64-fedora-gcc | 0.1.2 | 156.79 | OK | |||
r-devel-windows-ix86+x86_64 | 0.1.2 | 29.00 | 110.00 | 139.00 | OK | |
r-patched-linux-x86_64 | 0.1.2 | 1.16 | 5.54 | 6.70 | ERROR | |
r-patched-solaris-x86 | 0.1.2 | 192.80 | OK | |||
r-release-linux-x86_64 | 0.1.2 | 10.60 | 113.09 | 123.69 | OK | |
r-release-macos-x86_64 | 0.1.2 | OK | ||||
r-release-windows-ix86+x86_64 | 0.1.2 | 20.00 | 103.00 | 123.00 | OK | |
r-oldrel-macos-x86_64 | 0.1.2 | OK | ||||
r-oldrel-windows-ix86+x86_64 | 0.1.2 | 25.00 | 134.00 | 159.00 | OK |
Version: 0.1.2
Check: package dependencies
Result: ERROR
Package required but not available: ‘MBESS’
See section ‘The DESCRIPTION file’ in the ‘Writing R Extensions’
manual.
Flavor: r-patched-linux-x86_64