Last updated on 2020-12-01 00:46:51 CET.
Flavor | Version | Tinstall | Tcheck | Ttotal | Status | Flags |
---|---|---|---|---|---|---|
r-devel-linux-x86_64-debian-clang | 1.6.5 | 55.65 | 162.16 | 217.81 | OK | |
r-devel-linux-x86_64-debian-gcc | 1.6.5 | 40.36 | 121.90 | 162.26 | OK | |
r-devel-linux-x86_64-fedora-clang | 1.6.5 | 254.41 | NOTE | |||
r-devel-linux-x86_64-fedora-gcc | 1.6.5 | 246.75 | OK | |||
r-devel-windows-ix86+x86_64 | 1.6.5 | 85.00 | 184.00 | 269.00 | OK | |
r-patched-linux-x86_64 | 1.6.5 | 52.17 | 152.82 | 204.99 | OK | |
r-patched-solaris-x86 | 1.6.5 | 300.50 | OK | |||
r-release-linux-x86_64 | 1.6.5 | 51.45 | 153.46 | 204.91 | OK | |
r-release-macos-x86_64 | 1.6.5 | NOTE | ||||
r-release-windows-ix86+x86_64 | 1.6.5 | 63.00 | 195.00 | 258.00 | OK | |
r-oldrel-macos-x86_64 | 1.6.5 | OK | ||||
r-oldrel-windows-ix86+x86_64 | 1.6.5 | 77.00 | 230.00 | 307.00 | OK |
Version: 1.6.5
Check: package dependencies
Result: NOTE
Imports includes 24 non-default packages.
Importing from so many packages makes the package vulnerable to any of
them becoming unavailable. Move as many as possible to Suggests and
use conditionally.
Flavor: r-devel-linux-x86_64-fedora-clang
Version: 1.6.5
Check: package dependencies
Result: NOTE
Package suggested but not available for checking: ‘sendplot’
Flavor: r-release-macos-x86_64
Version: 1.6.5
Check: Rd cross-references
Result: NOTE
Package unavailable to check Rd xrefs: ‘sendplot’
Flavor: r-release-macos-x86_64