CRAN Package Check Results for Package quadmesh

Last updated on 2020-12-01 00:46:51 CET.

Flavor Version Tinstall Tcheck Ttotal Status Flags
r-devel-linux-x86_64-debian-clang 0.4.5 13.89 113.27 127.16 OK
r-devel-linux-x86_64-debian-gcc 0.4.5 9.97 91.55 101.52 OK
r-devel-linux-x86_64-fedora-clang 0.4.5 153.67 OK
r-devel-linux-x86_64-fedora-gcc 0.4.5 146.52 OK
r-devel-windows-ix86+x86_64 0.4.5 22.00 110.00 132.00 OK
r-patched-linux-x86_64 0.4.5 11.59 115.10 126.69 OK
r-patched-solaris-x86 0.4.5 209.30 WARN
r-release-linux-x86_64 0.4.5 13.24 110.85 124.09 OK
r-release-macos-x86_64 0.4.5 WARN
r-release-windows-ix86+x86_64 0.4.5 16.00 102.00 118.00 OK
r-oldrel-macos-x86_64 0.4.5 WARN
r-oldrel-windows-ix86+x86_64 0.4.5 25.00 134.00 159.00 OK

Check Details

Version: 0.4.5
Check: re-building of vignette outputs
Result: WARN
    Error(s) in re-building vignettes:
     ...
    --- re-building ‘quadmesh.Rmd’ using rmarkdown
    Warning in engine$weave(file, quiet = quiet, encoding = enc) :
     Pandoc (>= 1.12.3) and/or pandoc-citeproc not available. Falling back to R Markdown v1.
    Quitting from lines 20-35 (quadmesh.Rmd)
    Error: processing vignette 'quadmesh.Rmd' failed with diagnostics:
    cannot open the connection
    --- failed re-building ‘quadmesh.Rmd’
    
    --- re-building ‘topography.Rmd’ using rmarkdown
    Warning in engine$weave(file, quiet = quiet, encoding = enc) :
     Pandoc (>= 1.12.3) and/or pandoc-citeproc not available. Falling back to R Markdown v1.
    Quitting from lines 19-33 (topography.Rmd)
    Error: processing vignette 'topography.Rmd' failed with diagnostics:
    cannot open the connection
    --- failed re-building ‘topography.Rmd’
    
    SUMMARY: processing the following files failed:
     ‘quadmesh.Rmd’ ‘topography.Rmd’
    
    Error: Vignette re-building failed.
    Execution halted
Flavors: r-patched-solaris-x86, r-release-macos-x86_64, r-oldrel-macos-x86_64