Last updated on 2020-12-01 00:46:51 CET.
Flavor | Version | Tinstall | Tcheck | Ttotal | Status | Flags |
---|---|---|---|---|---|---|
r-devel-linux-x86_64-debian-clang | 0.1 | 3.15 | 26.32 | 29.47 | OK | |
r-devel-linux-x86_64-debian-gcc | 0.1 | 2.20 | 23.21 | 25.41 | OK | |
r-devel-linux-x86_64-fedora-clang | 0.1 | 39.06 | NOTE | |||
r-devel-linux-x86_64-fedora-gcc | 0.1 | 29.62 | NOTE | |||
r-devel-windows-ix86+x86_64 | 0.1 | 5.00 | 30.00 | 35.00 | OK | |
r-patched-linux-x86_64 | 0.1 | 2.66 | 27.40 | 30.06 | OK | |
r-patched-solaris-x86 | 0.1 | 45.10 | NOTE | |||
r-release-linux-x86_64 | 0.1 | 3.22 | 25.33 | 28.55 | OK | |
r-release-macos-x86_64 | 0.1 | NOTE | ||||
r-release-windows-ix86+x86_64 | 0.1 | 6.00 | 29.00 | 35.00 | OK | |
r-oldrel-macos-x86_64 | 0.1 | NOTE | ||||
r-oldrel-windows-ix86+x86_64 | 0.1 | 3.00 | 37.00 | 40.00 | OK |
Version: 0.1
Check: dependencies in R code
Result: NOTE
Namespace in Imports field not imported from: ‘magrittr’
All declared Imports should be used.
Flavors: r-devel-linux-x86_64-fedora-clang, r-devel-linux-x86_64-fedora-gcc, r-patched-solaris-x86, r-release-macos-x86_64, r-oldrel-macos-x86_64