Last updated on 2020-12-01 00:46:51 CET.
Flavor | Version | Tinstall | Tcheck | Ttotal | Status | Flags |
---|---|---|---|---|---|---|
r-devel-linux-x86_64-debian-clang | 2.2.3 | 84.31 | 242.85 | 327.16 | OK | |
r-devel-linux-x86_64-debian-gcc | 2.2.3 | 75.54 | 181.01 | 256.55 | OK | |
r-devel-linux-x86_64-fedora-clang | 2.2.3 | 378.62 | NOTE | |||
r-devel-linux-x86_64-fedora-gcc | 2.2.3 | 370.71 | OK | |||
r-devel-windows-ix86+x86_64 | 2.2.3 | 138.00 | 342.00 | 480.00 | OK | |
r-patched-linux-x86_64 | 2.2.3 | 89.72 | 237.62 | 327.34 | OK | |
r-patched-solaris-x86 | 2.2.3 | 450.20 | OK | |||
r-release-linux-x86_64 | 2.2.3 | 85.77 | 236.58 | 322.35 | OK | |
r-release-macos-x86_64 | 2.2.3 | NOTE | ||||
r-release-windows-ix86+x86_64 | 2.2.3 | 100.00 | 348.00 | 448.00 | OK | |
r-oldrel-macos-x86_64 | 2.2.3 | NOTE | ||||
r-oldrel-windows-ix86+x86_64 | 2.2.3 | 117.00 | 440.00 | 557.00 | OK |
Version: 2.2.3
Check: installed package size
Result: NOTE
installed size is 5.5Mb
sub-directories of 1Mb or more:
libs 4.4Mb
Flavors: r-devel-linux-x86_64-fedora-clang, r-release-macos-x86_64, r-oldrel-macos-x86_64
Version: 2.2.3
Check: package dependencies
Result: NOTE
Package suggested but not available for checking: ‘KEGGgraph’
Flavor: r-release-macos-x86_64