Last updated on 2020-12-01 00:46:52 CET.
Flavor | Version | Tinstall | Tcheck | Ttotal | Status | Flags |
---|---|---|---|---|---|---|
r-devel-linux-x86_64-debian-clang | 1.1 | 11.59 | 70.85 | 82.44 | NOTE | |
r-devel-linux-x86_64-debian-gcc | 1.1 | 7.98 | 56.52 | 64.50 | NOTE | |
r-devel-linux-x86_64-fedora-clang | 1.1 | 101.19 | NOTE | |||
r-devel-linux-x86_64-fedora-gcc | 1.1 | 92.16 | NOTE | |||
r-devel-windows-ix86+x86_64 | 1.1 | 19.00 | 72.00 | 91.00 | NOTE | |
r-patched-linux-x86_64 | 1.1 | 12.08 | 68.89 | 80.97 | NOTE | |
r-patched-solaris-x86 | 1.1 | 133.00 | NOTE | |||
r-release-linux-x86_64 | 1.1 | 8.92 | 70.33 | 79.25 | NOTE | |
r-release-macos-x86_64 | 1.1 | NOTE | ||||
r-release-windows-ix86+x86_64 | 1.1 | 15.00 | 72.00 | 87.00 | NOTE | |
r-oldrel-macos-x86_64 | 1.1 | NOTE | ||||
r-oldrel-windows-ix86+x86_64 | 1.1 | 15.00 | 79.00 | 94.00 | NOTE |
Version: 1.1
Check: DESCRIPTION meta-information
Result: NOTE
Malformed Description field: should contain one or more complete sentences.
Flavors: r-devel-linux-x86_64-debian-clang, r-devel-linux-x86_64-debian-gcc, r-devel-linux-x86_64-fedora-clang, r-devel-linux-x86_64-fedora-gcc, r-devel-windows-ix86+x86_64, r-patched-linux-x86_64, r-patched-solaris-x86, r-release-linux-x86_64, r-release-macos-x86_64, r-release-windows-ix86+x86_64, r-oldrel-macos-x86_64, r-oldrel-windows-ix86+x86_64
Version: 1.1
Check: R code for possible problems
Result: NOTE
BiogTest.individual: no visible global function definition for 'combn'
BiogTest.individual: no visible global function definition for 'runif'
BiogTest.individual: no visible global function definition for 'rlnorm'
BiogTest.individual: no visible global function definition for
'rnbinom'
BiogTest.sample: no visible global function definition for 'combn'
BiogTest.sample: no visible global function definition for 'runif'
BiogTest.sample: no visible global function definition for 'rlnorm'
BiogTest.sample: no visible global function definition for 'rnbinom'
BiogTest.sample: no visible global function definition for 'aggregate'
EcoTest.individual: no visible global function definition for 'xtabs'
plot.BiogTest: no visible global function definition for 'quantile'
plot.BiogTest: no visible global function definition for 'combn'
plot.EcoTest: no visible global function definition for 'quantile'
Undefined global functions or variables:
aggregate combn quantile rlnorm rnbinom runif xtabs
Consider adding
importFrom("stats", "aggregate", "quantile", "rlnorm", "rnbinom",
"runif", "xtabs")
importFrom("utils", "combn")
to your NAMESPACE file.
Flavors: r-devel-linux-x86_64-debian-clang, r-devel-linux-x86_64-debian-gcc, r-devel-linux-x86_64-fedora-clang, r-devel-linux-x86_64-fedora-gcc, r-devel-windows-ix86+x86_64, r-patched-linux-x86_64, r-patched-solaris-x86, r-release-linux-x86_64, r-release-macos-x86_64, r-release-windows-ix86+x86_64, r-oldrel-macos-x86_64, r-oldrel-windows-ix86+x86_64