CRAN Package Check Results for Package rbenvo

Last updated on 2020-12-01 00:46:52 CET.

Flavor Version Tinstall Tcheck Ttotal Status Flags
r-devel-linux-x86_64-debian-clang 1.0.5 15.31 138.81 154.12 OK
r-devel-linux-x86_64-debian-gcc 1.0.5 10.76 104.75 115.51 OK
r-devel-linux-x86_64-fedora-clang 1.0.5 186.23 NOTE
r-devel-linux-x86_64-fedora-gcc 1.0.5 178.44 NOTE
r-devel-windows-ix86+x86_64 1.0.5 25.00 127.00 152.00 OK
r-patched-linux-x86_64 1.0.5 12.96 136.55 149.51 OK
r-patched-solaris-x86 1.0.5 258.70 NOTE
r-release-linux-x86_64 1.0.5 12.82 136.14 148.96 OK
r-release-macos-x86_64 1.0.5 NOTE
r-release-windows-ix86+x86_64 1.0.5 19.00 133.00 152.00 OK
r-oldrel-macos-x86_64 1.0.5 NOTE
r-oldrel-windows-ix86+x86_64 1.0.5 21.00 164.00 185.00 OK

Check Details

Version: 1.0.5
Check: data for non-ASCII characters
Result: NOTE
     Note: found 8 marked UTF-8 strings
Flavors: r-devel-linux-x86_64-fedora-clang, r-devel-linux-x86_64-fedora-gcc, r-patched-solaris-x86, r-release-macos-x86_64, r-oldrel-macos-x86_64