Last updated on 2020-12-01 00:46:52 CET.
Flavor | Version | Tinstall | Tcheck | Ttotal | Status | Flags |
---|---|---|---|---|---|---|
r-devel-linux-x86_64-debian-clang | 1.3.3 | 6.75 | 36.60 | 43.35 | OK | |
r-devel-linux-x86_64-debian-gcc | 1.3.3 | 4.73 | 29.89 | 34.62 | OK | |
r-devel-linux-x86_64-fedora-clang | 1.3.3 | 55.21 | NOTE | |||
r-devel-linux-x86_64-fedora-gcc | 1.3.3 | 46.16 | OK | |||
r-devel-windows-ix86+x86_64 | 1.3.3 | 10.00 | 43.00 | 53.00 | OK | |
r-patched-linux-x86_64 | 1.3.3 | 6.65 | 40.51 | 47.16 | OK | |
r-patched-solaris-x86 | 1.3.3 | 68.70 | OK | |||
r-release-linux-x86_64 | 1.3.3 | 6.04 | 37.22 | 43.26 | OK | |
r-release-macos-x86_64 | 1.3.3 | OK | ||||
r-release-windows-ix86+x86_64 | 1.3.3 | 10.00 | 41.00 | 51.00 | OK | |
r-oldrel-macos-x86_64 | 1.3.3 | OK | ||||
r-oldrel-windows-ix86+x86_64 | 1.3.3 | 7.00 | 54.00 | 61.00 | OK |
Version: 1.3.3
Check: Rd cross-references
Result: NOTE
Undeclared package ‘processx’ in Rd xrefs
Flavor: r-devel-linux-x86_64-fedora-clang