Last updated on 2020-12-01 00:46:52 CET.
Flavor | Version | Tinstall | Tcheck | Ttotal | Status | Flags |
---|---|---|---|---|---|---|
r-devel-linux-x86_64-debian-clang | 2.8.1 | 3.96 | 33.32 | 37.28 | OK | |
r-devel-linux-x86_64-debian-gcc | 2.8.1 | 2.88 | 26.96 | 29.84 | OK | |
r-devel-linux-x86_64-fedora-clang | 2.8.1 | 48.87 | NOTE | |||
r-devel-linux-x86_64-fedora-gcc | 2.8.1 | 39.26 | OK | |||
r-devel-windows-ix86+x86_64 | 2.8.1 | 6.00 | 37.00 | 43.00 | OK | |
r-patched-linux-x86_64 | 2.8.1 | 3.93 | 33.26 | 37.19 | OK | |
r-patched-solaris-x86 | 2.8.1 | 60.50 | OK | |||
r-release-linux-x86_64 | 2.8.1 | 3.90 | 35.10 | 39.00 | OK | |
r-release-macos-x86_64 | 2.8.1 | OK | ||||
r-release-windows-ix86+x86_64 | 2.8.1 | 7.00 | 37.00 | 44.00 | OK | |
r-oldrel-macos-x86_64 | 2.8.1 | OK | ||||
r-oldrel-windows-ix86+x86_64 | 2.8.1 | 6.00 | 43.00 | 49.00 | OK |
Version: 2.8.1
Check: Rd cross-references
Result: NOTE
Undeclared package ‘MALDIquantForeign’ in Rd xrefs
Flavor: r-devel-linux-x86_64-fedora-clang