CRAN Package Check Results for Package readr

Last updated on 2020-12-01 00:46:52 CET.

Flavor Version Tinstall Tcheck Ttotal Status Flags
r-devel-linux-x86_64-debian-clang 1.4.0 196.88 86.42 283.30 OK
r-devel-linux-x86_64-debian-gcc 1.4.0 201.29 61.95 263.24 OK
r-devel-linux-x86_64-fedora-clang 1.4.0 323.03 NOTE
r-devel-linux-x86_64-fedora-gcc 1.4.0 314.41 OK
r-devel-windows-ix86+x86_64 1.4.0 486.00 134.00 620.00 OK
r-patched-linux-x86_64 1.4.0 304.75 81.92 386.67 OK
r-patched-solaris-x86 1.4.0 350.20 OK
r-release-linux-x86_64 1.4.0 244.75 78.12 322.87 OK
r-release-macos-x86_64 1.4.0 NOTE
r-release-windows-ix86+x86_64 1.4.0 380.00 129.00 509.00 OK
r-oldrel-macos-x86_64 1.4.0 NOTE
r-oldrel-windows-ix86+x86_64 1.4.0 397.00 155.00 552.00 OK

Additional issues

rchk

Check Details

Version: 1.4.0
Check: installed package size
Result: NOTE
     installed size is 8.1Mb
     sub-directories of 1Mb or more:
     libs 7.3Mb
Flavors: r-devel-linux-x86_64-fedora-clang, r-release-macos-x86_64, r-oldrel-macos-x86_64