CRAN Package Check Results for Package redist

Last updated on 2020-12-01 00:46:52 CET.

Flavor Version Tinstall Tcheck Ttotal Status Flags
r-devel-linux-x86_64-debian-clang 2.0.2 447.53 206.81 654.34 OK
r-devel-linux-x86_64-debian-gcc 2.0.2 423.02 155.75 578.77 OK
r-devel-linux-x86_64-fedora-clang 2.0.2 744.52 NOTE
r-devel-linux-x86_64-fedora-gcc 2.0.2 694.48 OK
r-devel-windows-ix86+x86_64 2.0.2 773.00 239.00 1012.00 NOTE
r-patched-linux-x86_64 2.0.2 492.73 200.43 693.16 OK
r-patched-solaris-x86 2.0.2 713.60 OK
r-release-linux-x86_64 2.0.2 501.48 199.89 701.37 OK
r-release-macos-x86_64 2.0.2 NOTE
r-release-windows-ix86+x86_64 2.0.2 589.00 248.00 837.00 NOTE
r-oldrel-macos-x86_64 2.0.2 NOTE
r-oldrel-windows-ix86+x86_64 2.0.2 623.00 297.00 920.00 NOTE

Check Details

Version: 2.0.2
Check: installed package size
Result: NOTE
     installed size is 21.1Mb
     sub-directories of 1Mb or more:
     data 1.8Mb
     libs 17.8Mb
Flavors: r-devel-linux-x86_64-fedora-clang, r-devel-windows-ix86+x86_64, r-release-macos-x86_64, r-release-windows-ix86+x86_64, r-oldrel-macos-x86_64, r-oldrel-windows-ix86+x86_64

Version: 2.0.2
Check: package dependencies
Result: NOTE
    Package suggested but not available for checking: ‘Rmpi’
Flavors: r-release-macos-x86_64, r-oldrel-macos-x86_64