Last updated on 2020-12-01 00:46:52 CET.
Flavor | Version | Tinstall | Tcheck | Ttotal | Status | Flags |
---|---|---|---|---|---|---|
r-devel-linux-x86_64-debian-clang | 0.3.7 | 7.91 | 60.06 | 67.97 | NOTE | |
r-devel-linux-x86_64-debian-gcc | 0.3.7 | 6.21 | 48.59 | 54.80 | NOTE | |
r-devel-linux-x86_64-fedora-clang | 0.3.7 | 82.94 | NOTE | |||
r-devel-linux-x86_64-fedora-gcc | 0.3.7 | 72.16 | NOTE | |||
r-devel-windows-ix86+x86_64 | 0.3.7 | 15.00 | 66.00 | 81.00 | NOTE | |
r-patched-linux-x86_64 | 0.3.7 | 7.58 | 61.66 | 69.24 | NOTE | |
r-patched-solaris-x86 | 0.3.7 | 107.10 | NOTE | |||
r-release-linux-x86_64 | 0.3.7 | 7.11 | 61.62 | 68.73 | NOTE | |
r-release-macos-x86_64 | 0.3.7 | NOTE | ||||
r-release-windows-ix86+x86_64 | 0.3.7 | 11.00 | 63.00 | 74.00 | NOTE | |
r-oldrel-macos-x86_64 | 0.3.7 | NOTE | ||||
r-oldrel-windows-ix86+x86_64 | 0.3.7 | 11.00 | 75.00 | 86.00 | NOTE |
Version: 0.3.7
Check: R code for possible problems
Result: NOTE
fs_author_ids : <anonymous>: no visible global function definition for
'select.list'
fs_download : <anonymous>: no visible global function definition for
'download.file'
Undefined global functions or variables:
download.file select.list
Consider adding
importFrom("utils", "download.file", "select.list")
to your NAMESPACE file.
Flavors: r-devel-linux-x86_64-debian-clang, r-devel-linux-x86_64-debian-gcc, r-devel-linux-x86_64-fedora-clang, r-devel-linux-x86_64-fedora-gcc, r-devel-windows-ix86+x86_64, r-patched-linux-x86_64, r-patched-solaris-x86, r-release-linux-x86_64, r-release-macos-x86_64, r-release-windows-ix86+x86_64, r-oldrel-macos-x86_64, r-oldrel-windows-ix86+x86_64