Last updated on 2020-12-01 00:46:52 CET.
Flavor | Version | Tinstall | Tcheck | Ttotal | Status | Flags |
---|---|---|---|---|---|---|
r-devel-linux-x86_64-debian-clang | 0.3.1 | 31.06 | 43.06 | 74.12 | OK | |
r-devel-linux-x86_64-debian-gcc | 0.3.1 | 29.75 | 36.96 | 66.71 | OK | |
r-devel-linux-x86_64-fedora-clang | 0.3.1 | 90.11 | NOTE | |||
r-devel-linux-x86_64-fedora-gcc | 0.3.1 | 77.51 | NOTE | |||
r-devel-windows-ix86+x86_64 | 0.3.1 | 54.00 | 78.00 | 132.00 | OK | |
r-patched-linux-x86_64 | 0.3.1 | 44.95 | 42.91 | 87.86 | OK | |
r-patched-solaris-x86 | 0.3.1 | 99.30 | NOTE | |||
r-release-linux-x86_64 | 0.3.1 | 44.82 | 44.36 | 89.18 | OK | |
r-release-macos-x86_64 | 0.3.1 | NOTE | ||||
r-release-windows-ix86+x86_64 | 0.3.1 | 41.00 | 76.00 | 117.00 | OK | |
r-oldrel-macos-x86_64 | 0.3.1 | NOTE | ||||
r-oldrel-windows-ix86+x86_64 | 0.3.1 | 42.00 | 87.00 | 129.00 | OK |
Version: 0.3.1
Check: dependencies in R code
Result: NOTE
Namespace in Imports field not imported from: ‘rgdal’
All declared Imports should be used.
Flavors: r-devel-linux-x86_64-fedora-clang, r-devel-linux-x86_64-fedora-gcc, r-patched-solaris-x86, r-release-macos-x86_64, r-oldrel-macos-x86_64