Last updated on 2020-12-01 00:46:52 CET.
Flavor | Version | Tinstall | Tcheck | Ttotal | Status | Flags |
---|---|---|---|---|---|---|
r-devel-linux-x86_64-debian-clang | 1.5-18 | 58.50 | 133.78 | 192.28 | OK | |
r-devel-linux-x86_64-debian-gcc | 1.5-18 | 43.19 | 106.64 | 149.83 | OK | |
r-devel-linux-x86_64-fedora-clang | 1.5-18 | 230.87 | NOTE | |||
r-devel-linux-x86_64-fedora-gcc | 1.5-18 | 215.25 | OK | |||
r-devel-windows-ix86+x86_64 | 1.5-18 | 147.00 | 512.00 | 659.00 | NOTE | |
r-patched-linux-x86_64 | 1.5-18 | 67.93 | 133.01 | 200.94 | OK | |
r-patched-solaris-x86 | 1.5-18 | 225.80 | NOTE | |||
r-release-linux-x86_64 | 1.5-18 | 68.13 | 135.54 | 203.67 | OK | |
r-release-macos-x86_64 | 1.5-18 | NOTE | ||||
r-release-windows-ix86+x86_64 | 1.5-18 | 146.00 | 491.00 | 637.00 | NOTE | |
r-oldrel-macos-x86_64 | 1.5-18 | NOTE | ||||
r-oldrel-windows-ix86+x86_64 | 1.5-18 | 106.00 | 671.00 | 777.00 | NOTE |
Version: 1.5-18
Check: installed package size
Result: NOTE
installed size is 7.9Mb
sub-directories of 1Mb or more:
doc 3.4Mb
pictures 1.3Mb
Flavors: r-devel-linux-x86_64-fedora-clang, r-devel-windows-ix86+x86_64, r-patched-solaris-x86, r-release-macos-x86_64, r-release-windows-ix86+x86_64, r-oldrel-macos-x86_64, r-oldrel-windows-ix86+x86_64