Last updated on 2020-12-01 00:46:52 CET.
Flavor | Version | Tinstall | Tcheck | Ttotal | Status | Flags |
---|---|---|---|---|---|---|
r-devel-linux-x86_64-debian-clang | 1.3.1 | 66.45 | 36.82 | 103.27 | OK | |
r-devel-linux-x86_64-debian-gcc | 1.3.1 | 57.29 | 30.78 | 88.07 | OK | |
r-devel-linux-x86_64-fedora-clang | 1.3.1 | 121.14 | NOTE | |||
r-devel-linux-x86_64-fedora-gcc | 1.3.1 | 101.95 | OK | |||
r-devel-windows-ix86+x86_64 | 1.3.1 | 132.00 | 66.00 | 198.00 | NOTE | |
r-patched-linux-x86_64 | 1.3.1 | 90.42 | 37.20 | 127.62 | OK | |
r-patched-solaris-x86 | 1.3.1 | 102.90 | OK | |||
r-release-linux-x86_64 | 1.3.1 | 72.06 | 35.12 | 107.18 | OK | |
r-release-macos-x86_64 | 1.3.1 | NOTE | ||||
r-release-windows-ix86+x86_64 | 1.3.1 | 105.00 | 63.00 | 168.00 | NOTE | |
r-oldrel-macos-x86_64 | 1.3.1 | NOTE | ||||
r-oldrel-windows-ix86+x86_64 | 1.3.1 | 100.00 | 71.00 | 171.00 | NOTE |
Version: 1.3.1
Check: installed package size
Result: NOTE
installed size is 6.7Mb
sub-directories of 1Mb or more:
extdata 4.4Mb
libs 2.1Mb
Flavors: r-devel-linux-x86_64-fedora-clang, r-devel-windows-ix86+x86_64, r-release-macos-x86_64, r-release-windows-ix86+x86_64, r-oldrel-macos-x86_64, r-oldrel-windows-ix86+x86_64