Last updated on 2020-12-01 00:46:53 CET.
Flavor | Version | Tinstall | Tcheck | Ttotal | Status | Flags |
---|---|---|---|---|---|---|
r-devel-linux-x86_64-debian-clang | 1.0.0 | 4.37 | 32.91 | 37.28 | OK | |
r-devel-linux-x86_64-debian-gcc | 1.0.0 | 3.24 | 27.84 | 31.08 | OK | |
r-devel-linux-x86_64-fedora-clang | 1.0.0 | 49.46 | OK | |||
r-devel-linux-x86_64-fedora-gcc | 1.0.0 | 37.71 | OK | |||
r-devel-windows-ix86+x86_64 | 1.0.0 | 7.00 | 38.00 | 45.00 | OK | |
r-patched-linux-x86_64 | 1.0.0 | 4.33 | 34.42 | 38.75 | OK | |
r-patched-solaris-x86 | 1.0.0 | 59.60 | NOTE | |||
r-release-linux-x86_64 | 1.0.0 | 4.35 | 34.95 | 39.30 | OK | |
r-release-macos-x86_64 | 1.0.0 | OK | ||||
r-release-windows-ix86+x86_64 | 1.0.0 | 7.00 | 47.00 | 54.00 | OK | |
r-oldrel-macos-x86_64 | 1.0.0 | OK | ||||
r-oldrel-windows-ix86+x86_64 | 1.0.0 | 5.00 | 42.00 | 47.00 | OK |
Version: 1.0.0
Check: installed package size
Result: NOTE
installed size is 6.1Mb
sub-directories of 1Mb or more:
templates 5.9Mb
Flavor: r-patched-solaris-x86