CRAN Package Check Results for Package routr

Last updated on 2020-12-01 00:46:53 CET.

Flavor Version Tinstall Tcheck Ttotal Status Flags
r-devel-linux-x86_64-debian-clang 0.4.0 6.66 37.63 44.29 OK
r-devel-linux-x86_64-debian-gcc 0.4.0 4.97 32.05 37.02 OK
r-devel-linux-x86_64-fedora-clang 0.4.0 56.32 NOTE
r-devel-linux-x86_64-fedora-gcc 0.4.0 47.45 NOTE
r-devel-windows-ix86+x86_64 0.4.0 10.00 42.00 52.00 OK
r-patched-linux-x86_64 0.4.0 6.63 40.69 47.32 OK
r-patched-solaris-x86 0.4.0 73.80 NOTE
r-release-linux-x86_64 0.4.0 6.03 40.08 46.11 OK
r-release-macos-x86_64 0.4.0 NOTE
r-release-windows-ix86+x86_64 0.4.0 9.00 44.00 53.00 OK
r-oldrel-macos-x86_64 0.4.0 NOTE
r-oldrel-windows-ix86+x86_64 0.4.0 8.00 54.00 62.00 OK

Check Details

Version: 0.4.0
Check: dependencies in R code
Result: NOTE
    Namespaces in Imports field not imported from:
     ‘httpuv’ ‘utils’
     All declared Imports should be used.
Flavors: r-devel-linux-x86_64-fedora-clang, r-devel-linux-x86_64-fedora-gcc, r-patched-solaris-x86, r-release-macos-x86_64, r-oldrel-macos-x86_64