CRAN Package Check Results for Package rpf

Last updated on 2020-12-01 00:46:53 CET.

Flavor Version Tinstall Tcheck Ttotal Status Flags
r-devel-linux-x86_64-debian-clang 1.0.5 207.36 78.75 286.11 OK
r-devel-linux-x86_64-debian-gcc 1.0.5 213.92 60.33 274.25 OK
r-devel-linux-x86_64-fedora-clang 1.0.5 326.58 NOTE
r-devel-linux-x86_64-fedora-gcc 1.0.5 289.96 OK
r-devel-windows-ix86+x86_64 1.0.5 313.00 124.00 437.00 OK
r-patched-linux-x86_64 1.0.5 315.93 79.87 395.80 OK
r-patched-solaris-x86 1.0.5 248.30 ERROR
r-release-linux-x86_64 1.0.5 264.30 79.55 343.85 OK
r-release-macos-x86_64 1.0.5 NOTE
r-release-windows-ix86+x86_64 1.0.5 309.00 117.00 426.00 OK
r-oldrel-macos-x86_64 1.0.5 NOTE
r-oldrel-windows-ix86+x86_64 1.0.5 229.00 136.00 365.00 OK

Check Details

Version: 1.0.5
Check: installed package size
Result: NOTE
     installed size is 22.3Mb
     sub-directories of 1Mb or more:
     libs 21.3Mb
Flavors: r-devel-linux-x86_64-fedora-clang, r-release-macos-x86_64, r-oldrel-macos-x86_64

Version: 1.0.5
Check: tests
Result: ERROR
     Running ‘testthat.R’ [15s/15s]
    Running the tests in ‘tests/testthat.R’ failed.
    Complete output:
     > library(testthat)
     > library(rpf)
     Loading required package: parallel
     >
     > test_check("rpf")
     ── FAILURE (test-score.R:30:3): tpbw1995-table2 ────────────────────────────────
     scores[, 1] not equal to c(0.084, -0.154).
     1/2 mismatches
     [2] -0.307 - -0.154 == -0.153
    
     ── FAILURE (test-score.R:31:3): tpbw1995-table2 ────────────────────────────────
     scores[, 2] not equal to c(0.539, 0.572).
     2/2 mismatches (average diff: 0.13)
     [1] 0.563 - 0.539 == 0.0241
     [2] 0.809 - 0.572 == 0.2367
    
     ── FAILURE (test-weightColumn.R:40:3): EAPscores ───────────────────────────────
     grp1$score[, 1] not equal to grp2$score[, 1].
     788/1000 mismatches (average diff: 7.53)
     [1] 0.866 - 0.000 == 0.866
     [2] 0.866 - -1.238 == 2.104
     [3] 0.866 - 0.000 == 0.866
     [4] -0.147 - 7.782 == -7.928
     [5] -0.147 - -0.719 == 0.572
     [6] -0.147 - -0.377 == 0.231
     [7] -0.147 - 0.000 == -0.147
     [8] -0.147 - -0.719 == 0.572
     [9] -0.147 - -0.719 == 0.572
     ...
    
     ══ testthat results ═══════════════════════════════════════════════════════════
     FAILURE (test-score.R:30:3): tpbw1995-table2
     FAILURE (test-score.R:31:3): tpbw1995-table2
     FAILURE (test-weightColumn.R:40:3): EAPscores
    
     [ FAIL 3 | WARN 0 | SKIP 0 | PASS 399 ]
     Error: Test failures
     Execution halted
Flavor: r-patched-solaris-x86