Last updated on 2020-12-01 00:46:53 CET.
Flavor | Version | Tinstall | Tcheck | Ttotal | Status | Flags |
---|---|---|---|---|---|---|
r-devel-linux-x86_64-debian-clang | 1.5.1 | 194.29 | 171.70 | 365.99 | OK | |
r-devel-linux-x86_64-debian-gcc | 1.5.1 | 202.74 | 135.10 | 337.84 | OK | |
r-devel-linux-x86_64-fedora-clang | 1.5.1 | 429.06 | NOTE | |||
r-devel-linux-x86_64-fedora-gcc | 1.5.1 | 408.78 | OK | |||
r-devel-windows-ix86+x86_64 | 1.5.1 | 318.00 | 249.00 | 567.00 | NOTE | |
r-patched-linux-x86_64 | 1.5.1 | 298.68 | 172.44 | 471.12 | OK | |
r-patched-solaris-x86 | 1.5.1 | 417.60 | OK | |||
r-release-linux-x86_64 | 1.5.1 | 304.92 | 172.36 | 477.28 | OK | |
r-release-macos-x86_64 | 1.5.1 | NOTE | ||||
r-release-windows-ix86+x86_64 | 1.5.1 | 265.00 | 248.00 | 513.00 | NOTE | |
r-oldrel-macos-x86_64 | 1.5.1 | NOTE | ||||
r-oldrel-windows-ix86+x86_64 | 1.5.1 | 241.00 | 285.00 | 526.00 | NOTE |
Version: 1.5.1
Check: installed package size
Result: NOTE
installed size is 16.0Mb
sub-directories of 1Mb or more:
doc 1.4Mb
libs 12.9Mb
Flavors: r-devel-linux-x86_64-fedora-clang, r-devel-windows-ix86+x86_64, r-release-macos-x86_64, r-release-windows-ix86+x86_64, r-oldrel-macos-x86_64, r-oldrel-windows-ix86+x86_64
Version: 1.5.1
Check: Rd cross-references
Result: NOTE
Undeclared packages ‘survPen’, ‘flexsurv’ in Rd xrefs
Flavor: r-devel-linux-x86_64-fedora-clang