Last updated on 2020-12-01 00:46:54 CET.
Flavor | Version | Tinstall | Tcheck | Ttotal | Status | Flags |
---|---|---|---|---|---|---|
r-devel-linux-x86_64-debian-clang | 0.0.7 | 21.41 | 102.18 | 123.59 | OK | |
r-devel-linux-x86_64-debian-gcc | 0.0.7 | 15.47 | 86.95 | 102.42 | OK | |
r-devel-linux-x86_64-fedora-clang | 0.0.7 | 146.03 | NOTE | |||
r-devel-linux-x86_64-fedora-gcc | 0.0.7 | 140.34 | OK | |||
r-devel-windows-ix86+x86_64 | 0.0.7 | 42.00 | 86.00 | 128.00 | NOTE | |
r-patched-linux-x86_64 | 0.0.7 | 21.28 | 99.75 | 121.03 | OK | |
r-patched-solaris-x86 | 0.0.7 | 211.90 | NOTE | |||
r-release-linux-x86_64 | 0.0.7 | 21.75 | 100.13 | 121.88 | OK | |
r-release-macos-x86_64 | 0.0.7 | NOTE | ||||
r-release-windows-ix86+x86_64 | 0.0.7 | 33.00 | 78.00 | 111.00 | NOTE | |
r-oldrel-macos-x86_64 | 0.0.7 | NOTE | ||||
r-oldrel-windows-ix86+x86_64 | 0.0.7 | 38.00 | 107.00 | 145.00 | NOTE |
Version: 0.0.7
Check: installed package size
Result: NOTE
installed size is 63.0Mb
sub-directories of 1Mb or more:
extdata 62.6Mb
Flavors: r-devel-linux-x86_64-fedora-clang, r-devel-windows-ix86+x86_64, r-patched-solaris-x86, r-release-macos-x86_64, r-release-windows-ix86+x86_64, r-oldrel-macos-x86_64, r-oldrel-windows-ix86+x86_64