CRAN Package Check Results for Package sasMap

Last updated on 2020-12-01 00:46:54 CET.

Flavor Version Tinstall Tcheck Ttotal Status Flags
r-devel-linux-x86_64-debian-clang 1.0.0 4.82 35.55 40.37 OK
r-devel-linux-x86_64-debian-gcc 1.0.0 3.85 27.07 30.92 OK
r-devel-linux-x86_64-fedora-clang 1.0.0 49.89 NOTE
r-devel-linux-x86_64-fedora-gcc 1.0.0 41.24 NOTE
r-devel-windows-ix86+x86_64 1.0.0 8.00 38.00 46.00 OK
r-patched-linux-x86_64 1.0.0 4.33 34.98 39.31 OK
r-patched-solaris-x86 1.0.0 62.80 NOTE
r-release-linux-x86_64 1.0.0 4.20 37.33 41.53 OK
r-release-macos-x86_64 1.0.0 NOTE
r-release-windows-ix86+x86_64 1.0.0 7.00 39.00 46.00 OK
r-oldrel-macos-x86_64 1.0.0 NOTE
r-oldrel-windows-ix86+x86_64 1.0.0 5.00 48.00 53.00 OK

Check Details

Version: 1.0.0
Check: dependencies in R code
Result: NOTE
    Namespace in Imports field not imported from: ‘stringi’
     All declared Imports should be used.
Flavors: r-devel-linux-x86_64-fedora-clang, r-devel-linux-x86_64-fedora-gcc, r-patched-solaris-x86, r-release-macos-x86_64, r-oldrel-macos-x86_64