Last updated on 2020-12-01 00:46:54 CET.
Flavor | Version | Tinstall | Tcheck | Ttotal | Status | Flags |
---|---|---|---|---|---|---|
r-devel-linux-x86_64-debian-clang | 0.2-4.1 | 4.17 | 38.87 | 43.04 | NOTE | |
r-devel-linux-x86_64-debian-gcc | 0.2-4.1 | 2.69 | 28.30 | 30.99 | NOTE | |
r-devel-linux-x86_64-fedora-clang | 0.2-4.1 | 55.45 | NOTE | |||
r-devel-linux-x86_64-fedora-gcc | 0.2-4.1 | 47.40 | NOTE | |||
r-devel-windows-ix86+x86_64 | 0.2-4.1 | 8.00 | 37.00 | 45.00 | OK | |
r-patched-linux-x86_64 | 0.2-4.1 | 4.11 | 37.84 | 41.95 | NOTE | |
r-patched-solaris-x86 | 0.2-4.1 | 77.30 | OK | |||
r-release-linux-x86_64 | 0.2-4.1 | 4.13 | 37.90 | 42.03 | NOTE | |
r-release-macos-x86_64 | 0.2-4.1 | OK | ||||
r-release-windows-ix86+x86_64 | 0.2-4.1 | 6.00 | 37.00 | 43.00 | OK | |
r-oldrel-macos-x86_64 | 0.2-4.1 | OK | ||||
r-oldrel-windows-ix86+x86_64 | 0.2-4.1 | 7.00 | 41.00 | 48.00 | OK |
Version: 0.2-4.1
Check: top-level files
Result: NOTE
Non-standard file/directory found at top level:
'src-java'
Flavors: r-devel-linux-x86_64-debian-clang, r-devel-linux-x86_64-debian-gcc, r-devel-linux-x86_64-fedora-clang, r-devel-linux-x86_64-fedora-gcc, r-patched-linux-x86_64, r-release-linux-x86_64