Last updated on 2020-12-01 00:46:54 CET.
Flavor | Version | Tinstall | Tcheck | Ttotal | Status | Flags |
---|---|---|---|---|---|---|
r-devel-linux-x86_64-debian-clang | 1.1.1 | 10.09 | 60.55 | 70.64 | OK | |
r-devel-linux-x86_64-debian-gcc | 1.1.1 | 7.63 | 45.99 | 53.62 | OK | |
r-devel-linux-x86_64-fedora-clang | 1.1.1 | 84.84 | NOTE | |||
r-devel-linux-x86_64-fedora-gcc | 1.1.1 | 77.68 | OK | |||
r-devel-windows-ix86+x86_64 | 1.1.1 | 13.00 | 63.00 | 76.00 | OK | |
r-patched-linux-x86_64 | 1.1.1 | 10.03 | 62.43 | 72.46 | OK | |
r-patched-solaris-x86 | 1.1.1 | 104.10 | OK | |||
r-release-linux-x86_64 | 1.1.1 | 10.86 | 63.35 | 74.21 | OK | |
r-release-macos-x86_64 | 1.1.1 | OK | ||||
r-release-windows-ix86+x86_64 | 1.1.1 | 16.00 | 63.00 | 79.00 | OK | |
r-oldrel-macos-x86_64 | 1.1.1 | OK | ||||
r-oldrel-windows-ix86+x86_64 | 1.1.1 | 10.00 | 79.00 | 89.00 | OK |
Version: 1.1.1
Check: Rd cross-references
Result: NOTE
Undeclared package ‘plyr’ in Rd xrefs
Flavor: r-devel-linux-x86_64-fedora-clang