Last updated on 2020-12-01 00:46:54 CET.
Flavor | Version | Tinstall | Tcheck | Ttotal | Status | Flags |
---|---|---|---|---|---|---|
r-devel-linux-x86_64-debian-clang | 1.0.2 | 18.12 | 122.78 | 140.90 | OK | |
r-devel-linux-x86_64-debian-gcc | 1.0.2 | 12.88 | 97.42 | 110.30 | OK | |
r-devel-linux-x86_64-fedora-clang | 1.0.2 | 167.98 | NOTE | |||
r-devel-linux-x86_64-fedora-gcc | 1.0.2 | 161.18 | NOTE | |||
r-devel-windows-ix86+x86_64 | 1.0.2 | 30.00 | 107.00 | 137.00 | OK | |
r-patched-linux-x86_64 | 1.0.2 | 16.67 | 123.18 | 139.85 | OK | |
r-patched-solaris-x86 | 1.0.2 | 223.30 | NOTE | |||
r-release-linux-x86_64 | 1.0.2 | 14.33 | 122.31 | 136.64 | OK | |
r-release-macos-x86_64 | 1.0.2 | NOTE | ||||
r-release-windows-ix86+x86_64 | 1.0.2 | 24.00 | 109.00 | 133.00 | OK | |
r-oldrel-macos-x86_64 | 1.0.2 | NOTE | ||||
r-oldrel-windows-ix86+x86_64 | 1.0.2 | 24.00 | 137.00 | 161.00 | OK |
Version: 1.0.2
Check: dependencies in R code
Result: NOTE
Namespaces in Imports field not imported from:
‘rgdal’ ‘rgeos’ ‘tidyr’
All declared Imports should be used.
Flavors: r-devel-linux-x86_64-fedora-clang, r-devel-linux-x86_64-fedora-gcc, r-patched-solaris-x86, r-release-macos-x86_64, r-oldrel-macos-x86_64