Last updated on 2020-12-01 00:46:54 CET.
Flavor | Version | Tinstall | Tcheck | Ttotal | Status | Flags |
---|---|---|---|---|---|---|
r-devel-linux-x86_64-debian-clang | 1.1.5 | 12.81 | 104.78 | 117.59 | OK | |
r-devel-linux-x86_64-debian-gcc | 1.1.5 | 8.64 | 79.39 | 88.03 | OK | |
r-devel-linux-x86_64-fedora-clang | 1.1.5 | 141.75 | NOTE | |||
r-devel-linux-x86_64-fedora-gcc | 1.1.5 | 130.33 | NOTE | |||
r-devel-windows-ix86+x86_64 | 1.1.5 | 21.00 | 100.00 | 121.00 | OK | |
r-patched-linux-x86_64 | 1.1.5 | 9.42 | 102.99 | 112.41 | OK | |
r-patched-solaris-x86 | 1.1.5 | 183.70 | NOTE | |||
r-release-linux-x86_64 | 1.1.5 | 9.17 | 102.49 | 111.66 | OK | |
r-release-macos-x86_64 | 1.1.5 | NOTE | ||||
r-release-windows-ix86+x86_64 | 1.1.5 | 16.00 | 98.00 | 114.00 | OK | |
r-oldrel-macos-x86_64 | 1.1.5 | NOTE | ||||
r-oldrel-windows-ix86+x86_64 | 1.1.5 | 24.00 | 123.00 | 147.00 | OK |
Version: 1.1.5
Check: dependencies in R code
Result: NOTE
Namespace in Imports field not imported from: ‘MASS’
All declared Imports should be used.
Flavors: r-devel-linux-x86_64-fedora-clang, r-devel-linux-x86_64-fedora-gcc, r-patched-solaris-x86, r-release-macos-x86_64, r-oldrel-macos-x86_64