Last updated on 2020-12-01 00:46:54 CET.
Flavor | Version | Tinstall | Tcheck | Ttotal | Status | Flags |
---|---|---|---|---|---|---|
r-devel-linux-x86_64-debian-clang | 1.1.2 | 23.08 | 174.42 | 197.50 | OK | |
r-devel-linux-x86_64-debian-gcc | 1.1.2 | 20.66 | 132.55 | 153.21 | OK | |
r-devel-linux-x86_64-fedora-clang | 1.1.2 | 245.38 | OK | |||
r-devel-linux-x86_64-fedora-gcc | 1.1.2 | 239.13 | OK | |||
r-devel-windows-ix86+x86_64 | 1.1.2 | 53.00 | 152.00 | 205.00 | OK | |
r-patched-linux-x86_64 | 1.1.2 | 0.92 | 9.36 | 10.28 | ERROR | |
r-patched-solaris-x86 | 1.1.2 | 330.40 | OK | |||
r-release-linux-x86_64 | 1.1.2 | 16.78 | 168.71 | 185.49 | OK | |
r-release-macos-x86_64 | 1.1.2 | OK | ||||
r-release-windows-ix86+x86_64 | 1.1.2 | 39.00 | 155.00 | 194.00 | OK | |
r-oldrel-macos-x86_64 | 1.1.2 | OK | ||||
r-oldrel-windows-ix86+x86_64 | 1.1.2 | 47.00 | 190.00 | 237.00 | OK |
Version: 1.1.2
Check: package dependencies
Result: ERROR
Package required but not available: ‘OpenMx’
See section ‘The DESCRIPTION file’ in the ‘Writing R Extensions’
manual.
Flavor: r-patched-linux-x86_64