CRAN Package Check Results for Package semdrw

Last updated on 2020-12-01 00:46:54 CET.

Flavor Version Tinstall Tcheck Ttotal Status Flags
r-devel-linux-x86_64-debian-clang 0.1.0 3.32 22.35 25.67 OK
r-devel-linux-x86_64-debian-gcc 0.1.0 2.80 18.17 20.97 OK
r-devel-linux-x86_64-fedora-clang 0.1.0 33.99 NOTE
r-devel-linux-x86_64-fedora-gcc 0.1.0 24.35 NOTE
r-devel-windows-ix86+x86_64 0.1.0 7.00 26.00 33.00 OK
r-patched-linux-x86_64 0.1.0 0.85 5.77 6.62 ERROR
r-patched-solaris-x86 0.1.0 39.90 NOTE
r-release-linux-x86_64 0.1.0 2.58 23.54 26.12 OK
r-release-macos-x86_64 0.1.0 NOTE
r-release-windows-ix86+x86_64 0.1.0 7.00 28.00 35.00 OK
r-oldrel-macos-x86_64 0.1.0 NOTE
r-oldrel-windows-ix86+x86_64 0.1.0 5.00 36.00 41.00 OK

Check Details

Version: 0.1.0
Check: dependencies in R code
Result: NOTE
    Namespaces in Imports field not imported from:
     ‘dplyr’ ‘lavaan’ ‘psych’ ‘semPlot’ ‘semTools’ ‘shinyAce’
     All declared Imports should be used.
Flavors: r-devel-linux-x86_64-fedora-clang, r-devel-linux-x86_64-fedora-gcc, r-patched-solaris-x86, r-release-macos-x86_64, r-oldrel-macos-x86_64

Version: 0.1.0
Check: package dependencies
Result: ERROR
    Package required but not available: ‘semPlot’
    
    See section ‘The DESCRIPTION file’ in the ‘Writing R Extensions’
    manual.
Flavor: r-patched-linux-x86_64