CRAN Package Check Results for Package sf

Last updated on 2020-12-01 00:46:54 CET.

Flavor Version Tinstall Tcheck Ttotal Status Flags
r-devel-linux-x86_64-debian-clang 0.9-6 280.30 296.35 576.65 OK
r-devel-linux-x86_64-debian-gcc 0.9-6 273.57 222.29 495.86 OK
r-devel-linux-x86_64-fedora-clang 0.9-6 661.12 NOTE
r-devel-linux-x86_64-fedora-gcc 0.9-6 624.78 OK
r-devel-windows-ix86+x86_64 0.9-6 498.00 753.00 1251.00 NOTE
r-patched-linux-x86_64 0.9-6 407.85 292.44 700.29 OK
r-patched-solaris-x86 0.9-6 637.10 WARN
r-release-linux-x86_64 0.9-6 326.99 292.02 619.01 OK
r-release-macos-x86_64 0.9-6 WARN
r-release-windows-ix86+x86_64 0.9-6 388.00 741.00 1129.00 NOTE
r-oldrel-macos-x86_64 0.9-6 WARN
r-oldrel-windows-ix86+x86_64 0.9-6 399.00 976.00 1375.00 NOTE

Additional issues

valgrind

Check Details

Version: 0.9-6
Check: installed package size
Result: NOTE
     installed size is 17.8Mb
     sub-directories of 1Mb or more:
     doc 3.0Mb
     libs 10.2Mb
     sqlite 1.5Mb
Flavors: r-devel-linux-x86_64-fedora-clang, r-devel-windows-ix86+x86_64, r-patched-solaris-x86, r-release-macos-x86_64, r-release-windows-ix86+x86_64, r-oldrel-macos-x86_64, r-oldrel-windows-ix86+x86_64

Version: 0.9-6
Check: package dependencies
Result: NOTE
    Package suggested but not available for checking: ‘RPostgres’
Flavor: r-patched-solaris-x86

Version: 0.9-6
Check: re-building of vignette outputs
Result: WARN
    Error(s) in re-building vignettes:
     ...
    --- re-building ‘sf1.Rmd’ using rmarkdown
    Warning in engine$weave(file, quiet = quiet, encoding = enc) :
     Pandoc (>= 1.12.3) and/or pandoc-citeproc not available. Falling back to R Markdown v1.
    --- finished re-building ‘sf1.Rmd’
    
    --- re-building ‘sf2.Rmd’ using rmarkdown
    Warning in engine$weave(file, quiet = quiet, encoding = enc) :
     Pandoc (>= 1.12.3) and/or pandoc-citeproc not available. Falling back to R Markdown v1.
    --- finished re-building ‘sf2.Rmd’
    
    --- re-building ‘sf3.Rmd’ using rmarkdown
    Warning in engine$weave(file, quiet = quiet, encoding = enc) :
     Pandoc (>= 1.12.3) and/or pandoc-citeproc not available. Falling back to R Markdown v1.
    --- finished re-building ‘sf3.Rmd’
    
    --- re-building ‘sf4.Rmd’ using rmarkdown
    Warning in engine$weave(file, quiet = quiet, encoding = enc) :
     Pandoc (>= 1.12.3) and/or pandoc-citeproc not available. Falling back to R Markdown v1.
    --- finished re-building ‘sf4.Rmd’
    
    --- re-building ‘sf5.Rmd’ using rmarkdown
    Warning in engine$weave(file, quiet = quiet, encoding = enc) :
     Pandoc (>= 1.12.3) and/or pandoc-citeproc not available. Falling back to R Markdown v1.
    Quitting from lines 211-213 (sf5.Rmd)
    Error: processing vignette 'sf5.Rmd' failed with diagnostics:
    cannot open the connection
    --- failed re-building ‘sf5.Rmd’
    
    --- re-building ‘sf6.Rmd’ using rmarkdown
    Warning in engine$weave(file, quiet = quiet, encoding = enc) :
     Pandoc (>= 1.12.3) and/or pandoc-citeproc not available. Falling back to R Markdown v1.
    --- finished re-building ‘sf6.Rmd’
    
    --- re-building ‘sf7.Rmd’ using rmarkdown
    Warning in engine$weave(file, quiet = quiet, encoding = enc) :
     Pandoc (>= 1.12.3) and/or pandoc-citeproc not available. Falling back to R Markdown v1.
    --- finished re-building ‘sf7.Rmd’
    
    SUMMARY: processing the following file failed:
     ‘sf5.Rmd’
    
    Error: Vignette re-building failed.
    Execution halted
Flavor: r-patched-solaris-x86

Version: 0.9-6
Check: re-building of vignette outputs
Result: WARN
    Error(s) in re-building vignettes:
    --- re-building ‘sf1.Rmd’ using rmarkdown
    Warning in engine$weave(file, quiet = quiet, encoding = enc) :
     Pandoc (>= 1.12.3) and/or pandoc-citeproc not available. Falling back to R Markdown v1.
    --- finished re-building ‘sf1.Rmd’
    
    --- re-building ‘sf2.Rmd’ using rmarkdown
    Warning in engine$weave(file, quiet = quiet, encoding = enc) :
     Pandoc (>= 1.12.3) and/or pandoc-citeproc not available. Falling back to R Markdown v1.
    --- finished re-building ‘sf2.Rmd’
    
    --- re-building ‘sf3.Rmd’ using rmarkdown
    Warning in engine$weave(file, quiet = quiet, encoding = enc) :
     Pandoc (>= 1.12.3) and/or pandoc-citeproc not available. Falling back to R Markdown v1.
    --- finished re-building ‘sf3.Rmd’
    
    --- re-building ‘sf4.Rmd’ using rmarkdown
    Warning in engine$weave(file, quiet = quiet, encoding = enc) :
     Pandoc (>= 1.12.3) and/or pandoc-citeproc not available. Falling back to R Markdown v1.
    --- finished re-building ‘sf4.Rmd’
    
    --- re-building ‘sf5.Rmd’ using rmarkdown
    Warning in engine$weave(file, quiet = quiet, encoding = enc) :
     Pandoc (>= 1.12.3) and/or pandoc-citeproc not available. Falling back to R Markdown v1.
    Quitting from lines 211-213 (sf5.Rmd)
    Error: processing vignette 'sf5.Rmd' failed with diagnostics:
    cannot open the connection
    --- failed re-building ‘sf5.Rmd’
    
    --- re-building ‘sf6.Rmd’ using rmarkdown
    Warning in engine$weave(file, quiet = quiet, encoding = enc) :
     Pandoc (>= 1.12.3) and/or pandoc-citeproc not available. Falling back to R Markdown v1.
    --- finished re-building ‘sf6.Rmd’
    
    --- re-building ‘sf7.Rmd’ using rmarkdown
    Warning in engine$weave(file, quiet = quiet, encoding = enc) :
     Pandoc (>= 1.12.3) and/or pandoc-citeproc not available. Falling back to R Markdown v1.
    --- finished re-building ‘sf7.Rmd’
    
    SUMMARY: processing the following file failed:
     ‘sf5.Rmd’
    
    Error: Vignette re-building failed.
    Execution halted
Flavors: r-release-macos-x86_64, r-oldrel-macos-x86_64